{"id":568,"date":"2019-05-13T14:30:27","date_gmt":"2019-05-13T12:30:27","guid":{"rendered":"https:\/\/www.foretadrenaline.com\/carnac\/?page_id=568"},"modified":"2025-01-08T16:27:04","modified_gmt":"2025-01-08T15:27:04","slug":"celebrons-ensemble-20-ans-daventure","status":"publish","type":"page","link":"https:\/\/www.foretadrenaline.com\/carnac\/celebrons-ensemble-20-ans-daventure\/","title":{"rendered":"C\u00e9l\u00e9brons ensemble 20 ans d\u2019aventure\u00a0!"},"content":{"rendered":"\n<h3 class=\"wp-block-heading has-text-align-center\">Venez passer un moment inoubliable en famille ou entre amis<\/h3>\n\n\n\n<h2 class=\"wp-block-heading has-text-align-center\"><strong>D\u00e9j\u00e0 20 ans&#8230;.. <\/strong><\/h2>\n\n\n\n<p>Il y a 20 ans, nous avons ouvert les portes du parc de Carnac avec l&rsquo;ambition de faire vivre \u00e0 nos clients une exp\u00e9rience sensationnelle et m\u00e9morable au c\u0153ur de la nature. Depuis son inauguration en 2004, For\u00eat Adr\u00e9naline a accueilli de nombreux aventuriers pour des moments m\u00e9morables. Nos parcs accrobranche sont devenus des lieux incontournables pour les passionn\u00e9s d\u2019adr\u00e9naline de tout \u00e2ge.<\/p>\n\n\n\n<figure class=\"wp-block-embed aligncenter is-type-video is-provider-youtube wp-block-embed-youtube wp-embed-aspect-16-9 wp-has-aspect-ratio\"><div class=\"wp-block-embed__wrapper\">\n<div class=\"video-container youtube\" style=\"padding-bottom: 56.2%;\"><iframe loading=\"lazy\" title=\"For\u00eat Adr\u00e9naline f\u00eate ses 20 ans\" width=\"500\" height=\"281\" src=\"https:\/\/www.youtube.com\/embed\/2HQN-F6sdI0?feature=oembed&#038;enablejsapi=1&#038;origin=https:\/\/www.foretadrenaline.com\" frameborder=\"0\" allow=\"accelerometer; autoplay; clipboard-write; encrypted-media; gyroscope; picture-in-picture; web-share\" referrerpolicy=\"strict-origin-when-cross-origin\" allowfullscreen><\/iframe><\/div>\n<\/div><\/figure>\n\n\n\n<div class=\"wp-block-buttons is-content-justification-center is-layout-flex wp-container-core-buttons-is-layout-16018d1d wp-block-buttons-is-layout-flex\">\n<div class=\"wp-block-button\"><a class=\"wp-block-button__link has-text-align-center wp-element-button\" href=\"https:\/\/www.foretadrenaline.com\/carnac\/qui-sommes-nous\/\" target=\"_blank\" rel=\"noreferrer noopener\">D\u00e9couvrez notre histoire<\/a><\/div>\n<\/div>\n\n\n\n<hr class=\"wp-block-separator has-alpha-channel-opacity\" \/>\n\n\n\n<div class=\"wp-block-columns is-layout-flex wp-container-core-columns-is-layout-9d6595d7 wp-block-columns-is-layout-flex\">\n<div class=\"wp-block-column is-layout-flow wp-block-column-is-layout-flow\" style=\"flex-basis:100%\">\n<figure class=\"wp-block-gallery has-nested-images columns-default is-cropped wp-block-gallery-1 is-layout-flex wp-block-gallery-is-layout-flex\">\n<figure class=\"wp-block-image size-large\"><img loading=\"lazy\" decoding=\"async\" width=\"1024\" height=\"683\" data-id=\"6929\" src=\"https:\/\/www.foretadrenaline.com\/carnac\/wp-content\/uploads\/sites\/2\/2024\/02\/studio4k-67-1024x683.jpg\" alt=\"l'accrobranche pour les petits\" class=\"wp-image-6929\" srcset=\"https:\/\/www.foretadrenaline.com\/carnac\/wp-content\/uploads\/sites\/2\/2024\/02\/studio4k-67-1024x683.jpg 1024w, https:\/\/www.foretadrenaline.com\/carnac\/wp-content\/uploads\/sites\/2\/2024\/02\/studio4k-67-300x200.jpg 300w, https:\/\/www.foretadrenaline.com\/carnac\/wp-content\/uploads\/sites\/2\/2024\/02\/studio4k-67-768x512.jpg 768w, https:\/\/www.foretadrenaline.com\/carnac\/wp-content\/uploads\/sites\/2\/2024\/02\/studio4k-67-1536x1024.jpg 1536w, https:\/\/www.foretadrenaline.com\/carnac\/wp-content\/uploads\/sites\/2\/2024\/02\/studio4k-67-scaled.jpg 2048w, https:\/\/www.foretadrenaline.com\/carnac\/wp-content\/uploads\/sites\/2\/2024\/02\/studio4k-67-1200x800.jpg 1200w\" sizes=\"auto, (max-width: 1024px) 100vw, 1024px\" \/><\/figure>\n\n\n\n<figure class=\"wp-block-image size-large\"><img loading=\"lazy\" decoding=\"async\" width=\"1024\" height=\"683\" data-id=\"6939\" src=\"https:\/\/www.foretadrenaline.com\/carnac\/wp-content\/uploads\/sites\/2\/2024\/02\/studio4k-107-1-1024x683.jpg\" alt=\"adr\u00e9naline\" class=\"wp-image-6939\" srcset=\"https:\/\/www.foretadrenaline.com\/carnac\/wp-content\/uploads\/sites\/2\/2024\/02\/studio4k-107-1-1024x683.jpg 1024w, https:\/\/www.foretadrenaline.com\/carnac\/wp-content\/uploads\/sites\/2\/2024\/02\/studio4k-107-1-300x200.jpg 300w, https:\/\/www.foretadrenaline.com\/carnac\/wp-content\/uploads\/sites\/2\/2024\/02\/studio4k-107-1-768x512.jpg 768w, https:\/\/www.foretadrenaline.com\/carnac\/wp-content\/uploads\/sites\/2\/2024\/02\/studio4k-107-1-1536x1024.jpg 1536w, https:\/\/www.foretadrenaline.com\/carnac\/wp-content\/uploads\/sites\/2\/2024\/02\/studio4k-107-1-scaled.jpg 2048w, https:\/\/www.foretadrenaline.com\/carnac\/wp-content\/uploads\/sites\/2\/2024\/02\/studio4k-107-1-1200x800.jpg 1200w\" sizes=\"auto, (max-width: 1024px) 100vw, 1024px\" \/><\/figure>\n\n\n\n<figure class=\"wp-block-image size-large\"><img loading=\"lazy\" decoding=\"async\" width=\"683\" height=\"1024\" data-id=\"7331\" src=\"https:\/\/www.foretadrenaline.com\/carnac\/wp-content\/uploads\/sites\/2\/2024\/05\/Castor-1-683x1024.jpg\" alt=\"\" class=\"wp-image-7331\" srcset=\"https:\/\/www.foretadrenaline.com\/carnac\/wp-content\/uploads\/sites\/2\/2024\/05\/Castor-1-683x1024.jpg 683w, https:\/\/www.foretadrenaline.com\/carnac\/wp-content\/uploads\/sites\/2\/2024\/05\/Castor-1-200x300.jpg 200w, https:\/\/www.foretadrenaline.com\/carnac\/wp-content\/uploads\/sites\/2\/2024\/05\/Castor-1-768x1152.jpg 768w, https:\/\/www.foretadrenaline.com\/carnac\/wp-content\/uploads\/sites\/2\/2024\/05\/Castor-1-1024x1536.jpg 1024w, https:\/\/www.foretadrenaline.com\/carnac\/wp-content\/uploads\/sites\/2\/2024\/05\/Castor-1-scaled.jpg 1365w, https:\/\/www.foretadrenaline.com\/carnac\/wp-content\/uploads\/sites\/2\/2024\/05\/Castor-1-1200x1800.jpg 1200w\" sizes=\"auto, (max-width: 683px) 100vw, 683px\" \/><\/figure>\n<\/figure>\n<\/div>\n<\/div>\n\n\n\n<h2 class=\"wp-block-heading has-text-align-center\"><strong>20 ans ! Un anniversaire qui a \u00e9t\u00e9 riche en surprises !<\/strong><\/h2>\n\n\n\n<p>En 2024, nous avons c\u00e9l\u00e9br\u00e9 deux d\u00e9cennies de rires et de souvenirs partag\u00e9s dans les arbres sur nos trois parcs aventure. Pour marquer cet anniversaire comme il se doit, nous avons organis\u00e9 des \u00e9v\u00e9nements m\u00e9morables qui ont enchant\u00e9 petits et grands !<\/p>\n\n\n\n<p>Retour sur les moments forts :<\/p>\n\n\n\n<ul class=\"wp-block-list\">\n<li>\ud83c\udf19 <strong>Des soir\u00e9es inoubliables<\/strong> : L\u2019ouverture du parc en nocturne, aussi bien en \u00e9t\u00e9 qu\u2019\u00e0 Halloween, pour des aventures uniques au c\u0153ur de la for\u00eat.<\/li>\n\n\n\n<li>\ud83c\udf74 <strong>Un festin apr\u00e8s l\u2019effort<\/strong> : Le food truck de Siblings cr\u00eapes \u00e9tait l\u00e0 pour r\u00e9galer tout le monde avec ses d\u00e9licieuses cr\u00eapes et galettes, parfaites apr\u00e8s une session d\u2019accrobranche.<\/li>\n\n\n\n<li>\ud83c\udfb6 <strong>Un concert exceptionnel<\/strong> : Le groupe de Morgane G a enflamm\u00e9 la soir\u00e9e des 20 ans, accompagn\u00e9 par <a href=\"https:\/\/www.instagram.com\/siblings.crepes\/?hl=fr\">@siblings.crepes<\/a> et <a href=\"https:\/\/www.leshortbreak.fr\/\">Le Short Break<\/a>, qui ont ravi les papilles des participants avec leurs savoureuses propositions.<\/li>\n<\/ul>\n\n\n\n<figure class=\"wp-block-embed is-type-video is-provider-youtube wp-block-embed-youtube wp-embed-aspect-16-9 wp-has-aspect-ratio\"><div class=\"wp-block-embed__wrapper\">\n<div class=\"video-container youtube\" style=\"padding-bottom: 56.2%;\"><iframe loading=\"lazy\" title=\"Revivez les 20 ans du parc !\" width=\"500\" height=\"281\" src=\"https:\/\/www.youtube.com\/embed\/t3D6FFFK8XQ?feature=oembed\" frameborder=\"0\" allow=\"accelerometer; autoplay; clipboard-write; encrypted-media; gyroscope; picture-in-picture; web-share\" referrerpolicy=\"strict-origin-when-cross-origin\" allowfullscreen><\/iframe><\/div>\n<\/div><\/figure>\n\n\n\n<hr class=\"wp-block-separator has-alpha-channel-opacity\" \/>\n","protected":false},"excerpt":{"rendered":"<p>Venez passer un moment inoubliable en famille ou entre amis D\u00e9j\u00e0 20 ans&#8230;.. Il y a 20 ans, nous avons ouvert les portes du parc de Carnac avec l&rsquo;ambition de faire vivre \u00e0 nos clients une exp\u00e9rience sensationnelle et m\u00e9morable au c\u0153ur de la nature. Depuis son inauguration en 2004, For\u00eat Adr\u00e9naline a accueilli de&hellip;<\/p>\n","protected":false},"author":2,"featured_media":7951,"parent":0,"menu_order":0,"comment_status":"closed","ping_status":"closed","template":"","meta":{"_acf_changed":false,"footnotes":""},"class_list":["post-568","page","type-page","status-publish","has-post-thumbnail","hentry"],"acf":[],"yoast_head":"<!-- This site is optimized with the Yoast SEO plugin v27.5 - https:\/\/yoast.com\/product\/yoast-seo-wordpress\/ -->\n<title>For\u00eat Adr\u00e9naline f\u00eate 20 ans d&#039;aventure - c\u00e9l\u00e9brons ensemble<\/title>\n<meta name=\"description\" content=\"Il y a 20 ans, nous avons ouvert les portes du parc de Carnac avec l&#039;ambition de faire vivre \u00e0 nos clients une exp\u00e9rience sensationnelle\" \/>\n<meta name=\"robots\" content=\"index, follow, max-snippet:-1, max-image-preview:large, max-video-preview:-1\" \/>\n<link rel=\"canonical\" href=\"https:\/\/www.foretadrenaline.com\/carnac\/celebrons-ensemble-20-ans-daventure\/\" \/>\n<meta property=\"og:locale\" content=\"fr_FR\" \/>\n<meta property=\"og:type\" content=\"article\" \/>\n<meta property=\"og:title\" content=\"For\u00eat Adr\u00e9naline f\u00eate 20 ans d&#039;aventure - c\u00e9l\u00e9brons ensemble\" \/>\n<meta property=\"og:description\" content=\"Il y a 20 ans, nous avons ouvert les portes du parc de Carnac avec l&#039;ambition de faire vivre \u00e0 nos clients une exp\u00e9rience sensationnelle\" \/>\n<meta property=\"og:url\" content=\"https:\/\/www.foretadrenaline.com\/carnac\/celebrons-ensemble-20-ans-daventure\/\" \/>\n<meta property=\"og:site_name\" content=\"For\u00eat Adr\u00e9naline - Carnac\" \/>\n<meta property=\"article:publisher\" content=\"https:\/\/www.facebook.com\/foretadrenaline.carnac\/\" \/>\n<meta property=\"article:modified_time\" content=\"2025-01-08T15:27:04+00:00\" \/>\n<meta property=\"og:image\" content=\"https:\/\/www.foretadrenaline.com\/carnac\/wp-content\/uploads\/sites\/2\/2025\/01\/Foret-Adrenaline_tyrolienne-impressionnante_@IMADGIN-scaled.jpg\" \/>\n\t<meta property=\"og:image:width\" content=\"2048\" \/>\n\t<meta property=\"og:image:height\" content=\"1365\" \/>\n\t<meta property=\"og:image:type\" content=\"image\/jpeg\" \/>\n<meta name=\"twitter:card\" content=\"summary_large_image\" \/>\n<meta name=\"twitter:label1\" content=\"Dur\u00e9e de lecture estim\u00e9e\" \/>\n\t<meta name=\"twitter:data1\" content=\"2 minutes\" \/>\n<script type=\"application\/ld+json\" class=\"yoast-schema-graph\">{\"@context\":\"https:\\\/\\\/schema.org\",\"@graph\":[{\"@type\":\"WebPage\",\"@id\":\"https:\\\/\\\/www.foretadrenaline.com\\\/carnac\\\/celebrons-ensemble-20-ans-daventure\\\/\",\"url\":\"https:\\\/\\\/www.foretadrenaline.com\\\/carnac\\\/celebrons-ensemble-20-ans-daventure\\\/\",\"name\":\"For\u00eat Adr\u00e9naline f\u00eate 20 ans d'aventure - c\u00e9l\u00e9brons ensemble\",\"isPartOf\":{\"@id\":\"https:\\\/\\\/www.foretadrenaline.com\\\/carnac\\\/#website\"},\"primaryImageOfPage\":{\"@id\":\"https:\\\/\\\/www.foretadrenaline.com\\\/carnac\\\/celebrons-ensemble-20-ans-daventure\\\/#primaryimage\"},\"image\":{\"@id\":\"https:\\\/\\\/www.foretadrenaline.com\\\/carnac\\\/celebrons-ensemble-20-ans-daventure\\\/#primaryimage\"},\"thumbnailUrl\":\"https:\\\/\\\/www.foretadrenaline.com\\\/carnac\\\/wp-content\\\/uploads\\\/sites\\\/2\\\/2025\\\/01\\\/Foret-Adrenaline_tyrolienne-impressionnante_@IMADGIN-scaled.jpg\",\"datePublished\":\"2019-05-13T12:30:27+00:00\",\"dateModified\":\"2025-01-08T15:27:04+00:00\",\"description\":\"Il y a 20 ans, nous avons ouvert les portes du parc de Carnac avec l'ambition de faire vivre \u00e0 nos clients une exp\u00e9rience sensationnelle\",\"breadcrumb\":{\"@id\":\"https:\\\/\\\/www.foretadrenaline.com\\\/carnac\\\/celebrons-ensemble-20-ans-daventure\\\/#breadcrumb\"},\"inLanguage\":\"fr-FR\",\"potentialAction\":[{\"@type\":\"ReadAction\",\"target\":[\"https:\\\/\\\/www.foretadrenaline.com\\\/carnac\\\/celebrons-ensemble-20-ans-daventure\\\/\"]}]},{\"@type\":\"ImageObject\",\"inLanguage\":\"fr-FR\",\"@id\":\"https:\\\/\\\/www.foretadrenaline.com\\\/carnac\\\/celebrons-ensemble-20-ans-daventure\\\/#primaryimage\",\"url\":\"https:\\\/\\\/www.foretadrenaline.com\\\/carnac\\\/wp-content\\\/uploads\\\/sites\\\/2\\\/2025\\\/01\\\/Foret-Adrenaline_tyrolienne-impressionnante_@IMADGIN-scaled.jpg\",\"contentUrl\":\"https:\\\/\\\/www.foretadrenaline.com\\\/carnac\\\/wp-content\\\/uploads\\\/sites\\\/2\\\/2025\\\/01\\\/Foret-Adrenaline_tyrolienne-impressionnante_@IMADGIN-scaled.jpg\",\"width\":2048,\"height\":1365},{\"@type\":\"BreadcrumbList\",\"@id\":\"https:\\\/\\\/www.foretadrenaline.com\\\/carnac\\\/celebrons-ensemble-20-ans-daventure\\\/#breadcrumb\",\"itemListElement\":[{\"@type\":\"ListItem\",\"position\":1,\"name\":\"Accueil\",\"item\":\"https:\\\/\\\/www.foretadrenaline.com\\\/carnac\\\/\"},{\"@type\":\"ListItem\",\"position\":2,\"name\":\"C\u00e9l\u00e9brons ensemble 20 ans d\u2019aventure\u00a0!\"}]},{\"@type\":\"WebSite\",\"@id\":\"https:\\\/\\\/www.foretadrenaline.com\\\/carnac\\\/#website\",\"url\":\"https:\\\/\\\/www.foretadrenaline.com\\\/carnac\\\/\",\"name\":\"For\u00eat Adr\u00e9naline - Carnac\",\"description\":\"Un site utilisant For\u00eat Adr\u00e9naline\",\"publisher\":{\"@id\":\"https:\\\/\\\/www.foretadrenaline.com\\\/carnac\\\/#organization\"},\"potentialAction\":[{\"@type\":\"SearchAction\",\"target\":{\"@type\":\"EntryPoint\",\"urlTemplate\":\"https:\\\/\\\/www.foretadrenaline.com\\\/carnac\\\/?s={search_term_string}\"},\"query-input\":{\"@type\":\"PropertyValueSpecification\",\"valueRequired\":true,\"valueName\":\"search_term_string\"}}],\"inLanguage\":\"fr-FR\"},{\"@type\":\"Organization\",\"@id\":\"https:\\\/\\\/www.foretadrenaline.com\\\/carnac\\\/#organization\",\"name\":\"For\u00eat Adr\u00e9naline Carnac\",\"url\":\"https:\\\/\\\/www.foretadrenaline.com\\\/carnac\\\/\",\"logo\":{\"@type\":\"ImageObject\",\"inLanguage\":\"fr-FR\",\"@id\":\"https:\\\/\\\/www.foretadrenaline.com\\\/carnac\\\/#\\\/schema\\\/logo\\\/image\\\/\",\"url\":\"https:\\\/\\\/www.foretadrenaline.com\\\/carnac\\\/wp-content\\\/uploads\\\/sites\\\/2\\\/2019\\\/04\\\/ForetAdrenalineCarnac.png\",\"contentUrl\":\"https:\\\/\\\/www.foretadrenaline.com\\\/carnac\\\/wp-content\\\/uploads\\\/sites\\\/2\\\/2019\\\/04\\\/ForetAdrenalineCarnac.png\",\"width\":191,\"height\":173,\"caption\":\"For\u00eat Adr\u00e9naline Carnac\"},\"image\":{\"@id\":\"https:\\\/\\\/www.foretadrenaline.com\\\/carnac\\\/#\\\/schema\\\/logo\\\/image\\\/\"},\"sameAs\":[\"https:\\\/\\\/www.facebook.com\\\/foretadrenaline.carnac\\\/\",\"https:\\\/\\\/www.instagram.com\\\/foretadrenaline\\\/\"]}]}<\/script>\n<!-- \/ Yoast SEO plugin. -->","yoast_head_json":{"title":"For\u00eat Adr\u00e9naline f\u00eate 20 ans d'aventure - c\u00e9l\u00e9brons ensemble","description":"Il y a 20 ans, nous avons ouvert les portes du parc de Carnac avec l'ambition de faire vivre \u00e0 nos clients une exp\u00e9rience sensationnelle","robots":{"index":"index","follow":"follow","max-snippet":"max-snippet:-1","max-image-preview":"max-image-preview:large","max-video-preview":"max-video-preview:-1"},"canonical":"https:\/\/www.foretadrenaline.com\/carnac\/celebrons-ensemble-20-ans-daventure\/","og_locale":"fr_FR","og_type":"article","og_title":"For\u00eat Adr\u00e9naline f\u00eate 20 ans d'aventure - c\u00e9l\u00e9brons ensemble","og_description":"Il y a 20 ans, nous avons ouvert les portes du parc de Carnac avec l'ambition de faire vivre \u00e0 nos clients une exp\u00e9rience sensationnelle","og_url":"https:\/\/www.foretadrenaline.com\/carnac\/celebrons-ensemble-20-ans-daventure\/","og_site_name":"For\u00eat Adr\u00e9naline - Carnac","article_publisher":"https:\/\/www.facebook.com\/foretadrenaline.carnac\/","article_modified_time":"2025-01-08T15:27:04+00:00","og_image":[{"width":2048,"height":1365,"url":"https:\/\/www.foretadrenaline.com\/carnac\/wp-content\/uploads\/sites\/2\/2025\/01\/Foret-Adrenaline_tyrolienne-impressionnante_@IMADGIN-scaled.jpg","type":"image\/jpeg"}],"twitter_card":"summary_large_image","twitter_misc":{"Dur\u00e9e de lecture estim\u00e9e":"2 minutes"},"schema":{"@context":"https:\/\/schema.org","@graph":[{"@type":"WebPage","@id":"https:\/\/www.foretadrenaline.com\/carnac\/celebrons-ensemble-20-ans-daventure\/","url":"https:\/\/www.foretadrenaline.com\/carnac\/celebrons-ensemble-20-ans-daventure\/","name":"For\u00eat Adr\u00e9naline f\u00eate 20 ans d'aventure - c\u00e9l\u00e9brons ensemble","isPartOf":{"@id":"https:\/\/www.foretadrenaline.com\/carnac\/#website"},"primaryImageOfPage":{"@id":"https:\/\/www.foretadrenaline.com\/carnac\/celebrons-ensemble-20-ans-daventure\/#primaryimage"},"image":{"@id":"https:\/\/www.foretadrenaline.com\/carnac\/celebrons-ensemble-20-ans-daventure\/#primaryimage"},"thumbnailUrl":"https:\/\/www.foretadrenaline.com\/carnac\/wp-content\/uploads\/sites\/2\/2025\/01\/Foret-Adrenaline_tyrolienne-impressionnante_@IMADGIN-scaled.jpg","datePublished":"2019-05-13T12:30:27+00:00","dateModified":"2025-01-08T15:27:04+00:00","description":"Il y a 20 ans, nous avons ouvert les portes du parc de Carnac avec l'ambition de faire vivre \u00e0 nos clients une exp\u00e9rience sensationnelle","breadcrumb":{"@id":"https:\/\/www.foretadrenaline.com\/carnac\/celebrons-ensemble-20-ans-daventure\/#breadcrumb"},"inLanguage":"fr-FR","potentialAction":[{"@type":"ReadAction","target":["https:\/\/www.foretadrenaline.com\/carnac\/celebrons-ensemble-20-ans-daventure\/"]}]},{"@type":"ImageObject","inLanguage":"fr-FR","@id":"https:\/\/www.foretadrenaline.com\/carnac\/celebrons-ensemble-20-ans-daventure\/#primaryimage","url":"https:\/\/www.foretadrenaline.com\/carnac\/wp-content\/uploads\/sites\/2\/2025\/01\/Foret-Adrenaline_tyrolienne-impressionnante_@IMADGIN-scaled.jpg","contentUrl":"https:\/\/www.foretadrenaline.com\/carnac\/wp-content\/uploads\/sites\/2\/2025\/01\/Foret-Adrenaline_tyrolienne-impressionnante_@IMADGIN-scaled.jpg","width":2048,"height":1365},{"@type":"BreadcrumbList","@id":"https:\/\/www.foretadrenaline.com\/carnac\/celebrons-ensemble-20-ans-daventure\/#breadcrumb","itemListElement":[{"@type":"ListItem","position":1,"name":"Accueil","item":"https:\/\/www.foretadrenaline.com\/carnac\/"},{"@type":"ListItem","position":2,"name":"C\u00e9l\u00e9brons ensemble 20 ans d\u2019aventure\u00a0!"}]},{"@type":"WebSite","@id":"https:\/\/www.foretadrenaline.com\/carnac\/#website","url":"https:\/\/www.foretadrenaline.com\/carnac\/","name":"For\u00eat Adr\u00e9naline - Carnac","description":"Un site utilisant For\u00eat Adr\u00e9naline","publisher":{"@id":"https:\/\/www.foretadrenaline.com\/carnac\/#organization"},"potentialAction":[{"@type":"SearchAction","target":{"@type":"EntryPoint","urlTemplate":"https:\/\/www.foretadrenaline.com\/carnac\/?s={search_term_string}"},"query-input":{"@type":"PropertyValueSpecification","valueRequired":true,"valueName":"search_term_string"}}],"inLanguage":"fr-FR"},{"@type":"Organization","@id":"https:\/\/www.foretadrenaline.com\/carnac\/#organization","name":"For\u00eat Adr\u00e9naline Carnac","url":"https:\/\/www.foretadrenaline.com\/carnac\/","logo":{"@type":"ImageObject","inLanguage":"fr-FR","@id":"https:\/\/www.foretadrenaline.com\/carnac\/#\/schema\/logo\/image\/","url":"https:\/\/www.foretadrenaline.com\/carnac\/wp-content\/uploads\/sites\/2\/2019\/04\/ForetAdrenalineCarnac.png","contentUrl":"https:\/\/www.foretadrenaline.com\/carnac\/wp-content\/uploads\/sites\/2\/2019\/04\/ForetAdrenalineCarnac.png","width":191,"height":173,"caption":"For\u00eat Adr\u00e9naline Carnac"},"image":{"@id":"https:\/\/www.foretadrenaline.com\/carnac\/#\/schema\/logo\/image\/"},"sameAs":["https:\/\/www.facebook.com\/foretadrenaline.carnac\/","https:\/\/www.instagram.com\/foretadrenaline\/"]}]}},"_links":{"self":[{"href":"https:\/\/www.foretadrenaline.com\/carnac\/wp-json\/wp\/v2\/pages\/568","targetHints":{"allow":["GET"]}}],"collection":[{"href":"https:\/\/www.foretadrenaline.com\/carnac\/wp-json\/wp\/v2\/pages"}],"about":[{"href":"https:\/\/www.foretadrenaline.com\/carnac\/wp-json\/wp\/v2\/types\/page"}],"author":[{"embeddable":true,"href":"https:\/\/www.foretadrenaline.com\/carnac\/wp-json\/wp\/v2\/users\/2"}],"replies":[{"embeddable":true,"href":"https:\/\/www.foretadrenaline.com\/carnac\/wp-json\/wp\/v2\/comments?post=568"}],"version-history":[{"count":27,"href":"https:\/\/www.foretadrenaline.com\/carnac\/wp-json\/wp\/v2\/pages\/568\/revisions"}],"predecessor-version":[{"id":7948,"href":"https:\/\/www.foretadrenaline.com\/carnac\/wp-json\/wp\/v2\/pages\/568\/revisions\/7948"}],"wp:featuredmedia":[{"embeddable":true,"href":"https:\/\/www.foretadrenaline.com\/carnac\/wp-json\/wp\/v2\/media\/7951"}],"wp:attachment":[{"href":"https:\/\/www.foretadrenaline.com\/carnac\/wp-json\/wp\/v2\/media?parent=568"}],"curies":[{"name":"wp","href":"https:\/\/api.w.org\/{rel}","templated":true}]}}