{"id":9036,"date":"2026-03-23T12:19:57","date_gmt":"2026-03-23T11:19:57","guid":{"rendered":"https:\/\/www.foretadrenaline.com\/carnac\/?page_id=9036"},"modified":"2026-03-25T10:37:00","modified_gmt":"2026-03-25T09:37:00","slug":"activite-sensations-fortes-morbihan-quick-flight","status":"publish","type":"page","link":"https:\/\/www.foretadrenaline.com\/carnac\/activite-sensations-fortes-morbihan-quick-flight\/","title":{"rendered":"Quick flight : le grand saut !"},"content":{"rendered":"\n<p>Vous cherchez <strong>une activit\u00e9 sensations fortes en Morbihan<\/strong> ? Le <strong>Quick Flight<\/strong> de For\u00eat Adr\u00e9naline est fait pour vous.<\/p>\n\n\n\n<p>Tout commence par une <strong>ascension le long de l\u2019arbre<\/strong>, en utilisant les prises d\u2019escalade. \u00c0 mesure que vous montez, le sol s\u2019\u00e9loigne\u2026 Arriv\u00e9 au sommet, le moment est venu.<\/p>\n\n\n\n<p>Un pas en avant, une grande inspiration\u2026 et <strong>15 m\u00e8tres de vide sous vos pieds<\/strong>.<\/p>\n\n\n\n<p>Le saut est rapide, et intense. En quelques secondes, vous vivez une <strong>v\u00e9ritable mont\u00e9e d\u2019adr\u00e9naline au c\u0153ur de la for\u00eat<\/strong>.<\/p>\n\n\n<div class=\"wp-block-image\">\n<figure class=\"aligncenter size-large\"><img loading=\"lazy\" decoding=\"async\" width=\"683\" height=\"1024\" src=\"https:\/\/www.foretadrenaline.com\/carnac\/wp-content\/uploads\/sites\/2\/2026\/03\/ChatGPT-Image-16-mars-2026-11_41_33-683x1024.png\" alt=\"quick flight\" class=\"wp-image-9041\" style=\"aspect-ratio:1;object-fit:cover\" srcset=\"https:\/\/www.foretadrenaline.com\/carnac\/wp-content\/uploads\/sites\/2\/2026\/03\/ChatGPT-Image-16-mars-2026-11_41_33-683x1024.png 683w, https:\/\/www.foretadrenaline.com\/carnac\/wp-content\/uploads\/sites\/2\/2026\/03\/ChatGPT-Image-16-mars-2026-11_41_33-200x300.png 200w, https:\/\/www.foretadrenaline.com\/carnac\/wp-content\/uploads\/sites\/2\/2026\/03\/ChatGPT-Image-16-mars-2026-11_41_33-768x1152.png 768w, https:\/\/www.foretadrenaline.com\/carnac\/wp-content\/uploads\/sites\/2\/2026\/03\/ChatGPT-Image-16-mars-2026-11_41_33.png 1024w\" sizes=\"auto, (max-width: 683px) 100vw, 683px\" \/><\/figure>\n<\/div>\n\n\n<h3 class=\"wp-block-heading\">Avant de tenter le Quick Flight<\/h3>\n\n\n\n<p>Pr\u00eat pour le saut ? Avant de vous \u00e9lancer, quelques conseils pour profiter pleinement de l\u2019exp\u00e9rience.<\/p>\n\n\n\n<ul class=\"wp-block-list\">\n<li><strong>Une tenue adapt\u00e9e<\/strong><br>Privil\u00e9giez des <strong>chaussures ferm\u00e9es et des v\u00eatements confortables<\/strong> pour grimper facilement le long de l\u2019arbre.<\/li>\n<\/ul>\n\n\n\n<ul class=\"wp-block-list\">\n<li><strong>Les consignes avant le saut<\/strong><br>Nos op\u00e9rateurs vous expliquent le fonctionnement du <strong>Quick Flight<\/strong> et les r\u00e8gles de s\u00e9curit\u00e9 avant de commencer l\u2019ascension.<\/li>\n<\/ul>\n\n\n\n<ul class=\"wp-block-list\">\n<li><strong>Le moment du saut<\/strong><br>Une fois arriv\u00e9 en haut, prenez une seconde pour admirer la for\u00eat\u2026 puis <strong>sautez !<\/strong><\/li>\n<\/ul>\n\n\n\n<p class=\"has-text-align-center has-orange-color has-text-color has-link-color wp-elements-bdace6e5cccb515d0b3be5d4ba42b643\"><em>Le Quick Flight est un moment unique. <\/em><\/p>\n\n\n\n<p class=\"has-text-align-center has-orange-color has-text-color has-link-color wp-elements-be7e2b8a42475d721a5ac99b3199e3de\"><em>Pensez \u00e0 <strong>prendre quelques photos ou vid\u00e9os<\/strong> pour immortaliser votre passage \u00e0 <strong>For\u00eat Adr\u00e9naline<\/strong>.<\/em><\/p>\n\n\n\n<hr class=\"wp-block-separator has-alpha-channel-opacity\" \/>\n\n\n\n<p class=\"has-text-align-center\">D\u00e9couvrez aussi l&rsquo;<strong><a href=\"https:\/\/www.foretadrenaline.com\/carnac\/parcours-accrobranche\/\" target=\"_blank\" rel=\"noreferrer noopener\">accrobranche<\/a><\/strong>, le <strong><a href=\"https:\/\/www.foretadrenaline.com\/carnac\/parc-de-loisirs-en-morbihan-le-trampoforest\/\" target=\"_blank\" rel=\"noreferrer noopener\">Tramp\u00d4forest\u00ae<\/a><\/strong>, l&rsquo;<strong><a href=\"https:\/\/www.foretadrenaline.com\/carnac\/archerie-tag-escape-game\/\" target=\"_blank\" rel=\"noreferrer noopener\">escape game<\/a> et pleins d&rsquo;autres activit\u00e9s <\/strong>au parc For\u00eat Adr\u00e9naline ! <\/p>\n\n\n\n<p><br><\/p>\n","protected":false},"excerpt":{"rendered":"<p>Vous cherchez une activit\u00e9 sensations fortes en Morbihan ? Le Quick Flight de For\u00eat Adr\u00e9naline est fait pour vous. Tout commence par une ascension le long de l\u2019arbre, en utilisant les prises d\u2019escalade. \u00c0 mesure que vous montez, le sol s\u2019\u00e9loigne\u2026 Arriv\u00e9 au sommet, le moment est venu. Un pas en avant, une grande inspiration\u2026&hellip;<\/p>\n","protected":false},"author":2,"featured_media":9041,"parent":0,"menu_order":0,"comment_status":"closed","ping_status":"closed","template":"","meta":{"_acf_changed":false,"footnotes":""},"class_list":["post-9036","page","type-page","status-publish","has-post-thumbnail","hentry"],"acf":[],"yoast_head":"<!-- This site is optimized with the Yoast SEO plugin v27.6 - https:\/\/yoast.com\/product\/yoast-seo-wordpress\/ -->\n<title>Quick flight : le grand saut ! - For\u00eat Adr\u00e9naline - Carnac<\/title>\n<meta name=\"description\" content=\"Vivez une activit\u00e9 sensations fortes en Morbihan avec le Quick Flight : grimpez dans l\u2019arbre puis sautez de 15 m\u00e8tres dans le vide !\" \/>\n<meta name=\"robots\" content=\"index, follow, max-snippet:-1, max-image-preview:large, max-video-preview:-1\" \/>\n<link rel=\"canonical\" href=\"https:\/\/www.foretadrenaline.com\/carnac\/activite-sensations-fortes-morbihan-quick-flight\/\" \/>\n<meta property=\"og:locale\" content=\"fr_FR\" \/>\n<meta property=\"og:type\" content=\"article\" \/>\n<meta property=\"og:title\" content=\"Quick flight : le grand saut ! - For\u00eat Adr\u00e9naline - Carnac\" \/>\n<meta property=\"og:description\" content=\"Vivez une activit\u00e9 sensations fortes en Morbihan avec le Quick Flight : grimpez dans l\u2019arbre puis sautez de 15 m\u00e8tres dans le vide !\" \/>\n<meta property=\"og:url\" content=\"https:\/\/www.foretadrenaline.com\/carnac\/activite-sensations-fortes-morbihan-quick-flight\/\" \/>\n<meta property=\"og:site_name\" content=\"For\u00eat Adr\u00e9naline - Carnac\" \/>\n<meta property=\"article:publisher\" content=\"https:\/\/www.facebook.com\/foretadrenaline.carnac\/\" \/>\n<meta property=\"article:modified_time\" content=\"2026-03-25T09:37:00+00:00\" \/>\n<meta property=\"og:image\" content=\"https:\/\/www.foretadrenaline.com\/carnac\/wp-content\/uploads\/sites\/2\/2026\/03\/ChatGPT-Image-16-mars-2026-11_41_33-683x1024.png\" \/>\n\t<meta property=\"og:image:width\" content=\"683\" \/>\n\t<meta property=\"og:image:height\" content=\"1024\" \/>\n\t<meta property=\"og:image:type\" content=\"image\/png\" \/>\n<meta name=\"twitter:card\" content=\"summary_large_image\" \/>\n<meta name=\"twitter:label1\" content=\"Dur\u00e9e de lecture estim\u00e9e\" \/>\n\t<meta name=\"twitter:data1\" content=\"2 minutes\" \/>\n<script type=\"application\/ld+json\" class=\"yoast-schema-graph\">{\"@context\":\"https:\\\/\\\/schema.org\",\"@graph\":[{\"@type\":\"WebPage\",\"@id\":\"https:\\\/\\\/www.foretadrenaline.com\\\/carnac\\\/activite-sensations-fortes-morbihan-quick-flight\\\/\",\"url\":\"https:\\\/\\\/www.foretadrenaline.com\\\/carnac\\\/activite-sensations-fortes-morbihan-quick-flight\\\/\",\"name\":\"Quick flight : le grand saut ! - For\u00eat Adr\u00e9naline - Carnac\",\"isPartOf\":{\"@id\":\"https:\\\/\\\/www.foretadrenaline.com\\\/carnac\\\/#website\"},\"primaryImageOfPage\":{\"@id\":\"https:\\\/\\\/www.foretadrenaline.com\\\/carnac\\\/activite-sensations-fortes-morbihan-quick-flight\\\/#primaryimage\"},\"image\":{\"@id\":\"https:\\\/\\\/www.foretadrenaline.com\\\/carnac\\\/activite-sensations-fortes-morbihan-quick-flight\\\/#primaryimage\"},\"thumbnailUrl\":\"https:\\\/\\\/www.foretadrenaline.com\\\/carnac\\\/wp-content\\\/uploads\\\/sites\\\/2\\\/2026\\\/03\\\/ChatGPT-Image-16-mars-2026-11_41_33.png\",\"datePublished\":\"2026-03-23T11:19:57+00:00\",\"dateModified\":\"2026-03-25T09:37:00+00:00\",\"description\":\"Vivez une activit\u00e9 sensations fortes en Morbihan avec le Quick Flight : grimpez dans l\u2019arbre puis sautez de 15 m\u00e8tres dans le vide !\",\"breadcrumb\":{\"@id\":\"https:\\\/\\\/www.foretadrenaline.com\\\/carnac\\\/activite-sensations-fortes-morbihan-quick-flight\\\/#breadcrumb\"},\"inLanguage\":\"fr-FR\",\"potentialAction\":[{\"@type\":\"ReadAction\",\"target\":[\"https:\\\/\\\/www.foretadrenaline.com\\\/carnac\\\/activite-sensations-fortes-morbihan-quick-flight\\\/\"]}]},{\"@type\":\"ImageObject\",\"inLanguage\":\"fr-FR\",\"@id\":\"https:\\\/\\\/www.foretadrenaline.com\\\/carnac\\\/activite-sensations-fortes-morbihan-quick-flight\\\/#primaryimage\",\"url\":\"https:\\\/\\\/www.foretadrenaline.com\\\/carnac\\\/wp-content\\\/uploads\\\/sites\\\/2\\\/2026\\\/03\\\/ChatGPT-Image-16-mars-2026-11_41_33.png\",\"contentUrl\":\"https:\\\/\\\/www.foretadrenaline.com\\\/carnac\\\/wp-content\\\/uploads\\\/sites\\\/2\\\/2026\\\/03\\\/ChatGPT-Image-16-mars-2026-11_41_33.png\",\"width\":1024,\"height\":1536,\"caption\":\"quick flight\"},{\"@type\":\"BreadcrumbList\",\"@id\":\"https:\\\/\\\/www.foretadrenaline.com\\\/carnac\\\/activite-sensations-fortes-morbihan-quick-flight\\\/#breadcrumb\",\"itemListElement\":[{\"@type\":\"ListItem\",\"position\":1,\"name\":\"Accueil\",\"item\":\"https:\\\/\\\/www.foretadrenaline.com\\\/carnac\\\/\"},{\"@type\":\"ListItem\",\"position\":2,\"name\":\"Quick flight : le grand saut !\"}]},{\"@type\":\"WebSite\",\"@id\":\"https:\\\/\\\/www.foretadrenaline.com\\\/carnac\\\/#website\",\"url\":\"https:\\\/\\\/www.foretadrenaline.com\\\/carnac\\\/\",\"name\":\"For\u00eat Adr\u00e9naline - Carnac\",\"description\":\"Un site utilisant For\u00eat Adr\u00e9naline\",\"publisher\":{\"@id\":\"https:\\\/\\\/www.foretadrenaline.com\\\/carnac\\\/#organization\"},\"potentialAction\":[{\"@type\":\"SearchAction\",\"target\":{\"@type\":\"EntryPoint\",\"urlTemplate\":\"https:\\\/\\\/www.foretadrenaline.com\\\/carnac\\\/?s={search_term_string}\"},\"query-input\":{\"@type\":\"PropertyValueSpecification\",\"valueRequired\":true,\"valueName\":\"search_term_string\"}}],\"inLanguage\":\"fr-FR\"},{\"@type\":\"Organization\",\"@id\":\"https:\\\/\\\/www.foretadrenaline.com\\\/carnac\\\/#organization\",\"name\":\"For\u00eat Adr\u00e9naline Carnac\",\"url\":\"https:\\\/\\\/www.foretadrenaline.com\\\/carnac\\\/\",\"logo\":{\"@type\":\"ImageObject\",\"inLanguage\":\"fr-FR\",\"@id\":\"https:\\\/\\\/www.foretadrenaline.com\\\/carnac\\\/#\\\/schema\\\/logo\\\/image\\\/\",\"url\":\"https:\\\/\\\/www.foretadrenaline.com\\\/carnac\\\/wp-content\\\/uploads\\\/sites\\\/2\\\/2019\\\/04\\\/ForetAdrenalineCarnac.png\",\"contentUrl\":\"https:\\\/\\\/www.foretadrenaline.com\\\/carnac\\\/wp-content\\\/uploads\\\/sites\\\/2\\\/2019\\\/04\\\/ForetAdrenalineCarnac.png\",\"width\":191,\"height\":173,\"caption\":\"For\u00eat Adr\u00e9naline Carnac\"},\"image\":{\"@id\":\"https:\\\/\\\/www.foretadrenaline.com\\\/carnac\\\/#\\\/schema\\\/logo\\\/image\\\/\"},\"sameAs\":[\"https:\\\/\\\/www.facebook.com\\\/foretadrenaline.carnac\\\/\",\"https:\\\/\\\/www.instagram.com\\\/foretadrenaline\\\/\"]}]}<\/script>\n<!-- \/ Yoast SEO plugin. -->","yoast_head_json":{"title":"Quick flight : le grand saut ! - For\u00eat Adr\u00e9naline - Carnac","description":"Vivez une activit\u00e9 sensations fortes en Morbihan avec le Quick Flight : grimpez dans l\u2019arbre puis sautez de 15 m\u00e8tres dans le vide !","robots":{"index":"index","follow":"follow","max-snippet":"max-snippet:-1","max-image-preview":"max-image-preview:large","max-video-preview":"max-video-preview:-1"},"canonical":"https:\/\/www.foretadrenaline.com\/carnac\/activite-sensations-fortes-morbihan-quick-flight\/","og_locale":"fr_FR","og_type":"article","og_title":"Quick flight : le grand saut ! - For\u00eat Adr\u00e9naline - Carnac","og_description":"Vivez une activit\u00e9 sensations fortes en Morbihan avec le Quick Flight : grimpez dans l\u2019arbre puis sautez de 15 m\u00e8tres dans le vide !","og_url":"https:\/\/www.foretadrenaline.com\/carnac\/activite-sensations-fortes-morbihan-quick-flight\/","og_site_name":"For\u00eat Adr\u00e9naline - Carnac","article_publisher":"https:\/\/www.facebook.com\/foretadrenaline.carnac\/","article_modified_time":"2026-03-25T09:37:00+00:00","og_image":[{"width":683,"height":1024,"url":"https:\/\/www.foretadrenaline.com\/carnac\/wp-content\/uploads\/sites\/2\/2026\/03\/ChatGPT-Image-16-mars-2026-11_41_33-683x1024.png","type":"image\/png"}],"twitter_card":"summary_large_image","twitter_misc":{"Dur\u00e9e de lecture estim\u00e9e":"2 minutes"},"schema":{"@context":"https:\/\/schema.org","@graph":[{"@type":"WebPage","@id":"https:\/\/www.foretadrenaline.com\/carnac\/activite-sensations-fortes-morbihan-quick-flight\/","url":"https:\/\/www.foretadrenaline.com\/carnac\/activite-sensations-fortes-morbihan-quick-flight\/","name":"Quick flight : le grand saut ! - For\u00eat Adr\u00e9naline - Carnac","isPartOf":{"@id":"https:\/\/www.foretadrenaline.com\/carnac\/#website"},"primaryImageOfPage":{"@id":"https:\/\/www.foretadrenaline.com\/carnac\/activite-sensations-fortes-morbihan-quick-flight\/#primaryimage"},"image":{"@id":"https:\/\/www.foretadrenaline.com\/carnac\/activite-sensations-fortes-morbihan-quick-flight\/#primaryimage"},"thumbnailUrl":"https:\/\/www.foretadrenaline.com\/carnac\/wp-content\/uploads\/sites\/2\/2026\/03\/ChatGPT-Image-16-mars-2026-11_41_33.png","datePublished":"2026-03-23T11:19:57+00:00","dateModified":"2026-03-25T09:37:00+00:00","description":"Vivez une activit\u00e9 sensations fortes en Morbihan avec le Quick Flight : grimpez dans l\u2019arbre puis sautez de 15 m\u00e8tres dans le vide !","breadcrumb":{"@id":"https:\/\/www.foretadrenaline.com\/carnac\/activite-sensations-fortes-morbihan-quick-flight\/#breadcrumb"},"inLanguage":"fr-FR","potentialAction":[{"@type":"ReadAction","target":["https:\/\/www.foretadrenaline.com\/carnac\/activite-sensations-fortes-morbihan-quick-flight\/"]}]},{"@type":"ImageObject","inLanguage":"fr-FR","@id":"https:\/\/www.foretadrenaline.com\/carnac\/activite-sensations-fortes-morbihan-quick-flight\/#primaryimage","url":"https:\/\/www.foretadrenaline.com\/carnac\/wp-content\/uploads\/sites\/2\/2026\/03\/ChatGPT-Image-16-mars-2026-11_41_33.png","contentUrl":"https:\/\/www.foretadrenaline.com\/carnac\/wp-content\/uploads\/sites\/2\/2026\/03\/ChatGPT-Image-16-mars-2026-11_41_33.png","width":1024,"height":1536,"caption":"quick flight"},{"@type":"BreadcrumbList","@id":"https:\/\/www.foretadrenaline.com\/carnac\/activite-sensations-fortes-morbihan-quick-flight\/#breadcrumb","itemListElement":[{"@type":"ListItem","position":1,"name":"Accueil","item":"https:\/\/www.foretadrenaline.com\/carnac\/"},{"@type":"ListItem","position":2,"name":"Quick flight : le grand saut !"}]},{"@type":"WebSite","@id":"https:\/\/www.foretadrenaline.com\/carnac\/#website","url":"https:\/\/www.foretadrenaline.com\/carnac\/","name":"For\u00eat Adr\u00e9naline - Carnac","description":"Un site utilisant For\u00eat Adr\u00e9naline","publisher":{"@id":"https:\/\/www.foretadrenaline.com\/carnac\/#organization"},"potentialAction":[{"@type":"SearchAction","target":{"@type":"EntryPoint","urlTemplate":"https:\/\/www.foretadrenaline.com\/carnac\/?s={search_term_string}"},"query-input":{"@type":"PropertyValueSpecification","valueRequired":true,"valueName":"search_term_string"}}],"inLanguage":"fr-FR"},{"@type":"Organization","@id":"https:\/\/www.foretadrenaline.com\/carnac\/#organization","name":"For\u00eat Adr\u00e9naline Carnac","url":"https:\/\/www.foretadrenaline.com\/carnac\/","logo":{"@type":"ImageObject","inLanguage":"fr-FR","@id":"https:\/\/www.foretadrenaline.com\/carnac\/#\/schema\/logo\/image\/","url":"https:\/\/www.foretadrenaline.com\/carnac\/wp-content\/uploads\/sites\/2\/2019\/04\/ForetAdrenalineCarnac.png","contentUrl":"https:\/\/www.foretadrenaline.com\/carnac\/wp-content\/uploads\/sites\/2\/2019\/04\/ForetAdrenalineCarnac.png","width":191,"height":173,"caption":"For\u00eat Adr\u00e9naline Carnac"},"image":{"@id":"https:\/\/www.foretadrenaline.com\/carnac\/#\/schema\/logo\/image\/"},"sameAs":["https:\/\/www.facebook.com\/foretadrenaline.carnac\/","https:\/\/www.instagram.com\/foretadrenaline\/"]}]}},"_links":{"self":[{"href":"https:\/\/www.foretadrenaline.com\/carnac\/wp-json\/wp\/v2\/pages\/9036","targetHints":{"allow":["GET"]}}],"collection":[{"href":"https:\/\/www.foretadrenaline.com\/carnac\/wp-json\/wp\/v2\/pages"}],"about":[{"href":"https:\/\/www.foretadrenaline.com\/carnac\/wp-json\/wp\/v2\/types\/page"}],"author":[{"embeddable":true,"href":"https:\/\/www.foretadrenaline.com\/carnac\/wp-json\/wp\/v2\/users\/2"}],"replies":[{"embeddable":true,"href":"https:\/\/www.foretadrenaline.com\/carnac\/wp-json\/wp\/v2\/comments?post=9036"}],"version-history":[{"count":1,"href":"https:\/\/www.foretadrenaline.com\/carnac\/wp-json\/wp\/v2\/pages\/9036\/revisions"}],"predecessor-version":[{"id":9048,"href":"https:\/\/www.foretadrenaline.com\/carnac\/wp-json\/wp\/v2\/pages\/9036\/revisions\/9048"}],"wp:featuredmedia":[{"embeddable":true,"href":"https:\/\/www.foretadrenaline.com\/carnac\/wp-json\/wp\/v2\/media\/9041"}],"wp:attachment":[{"href":"https:\/\/www.foretadrenaline.com\/carnac\/wp-json\/wp\/v2\/media?parent=9036"}],"curies":[{"name":"wp","href":"https:\/\/api.w.org\/{rel}","templated":true}]}}