{"id":1942,"date":"2020-03-24T15:10:26","date_gmt":"2020-03-24T14:10:26","guid":{"rendered":"https:\/\/www.foretadrenaline.com\/rennes\/?page_id=1942"},"modified":"2026-04-03T14:55:51","modified_gmt":"2026-04-03T12:55:51","slug":"formule-groupes-activites-animees","status":"publish","type":"page","link":"https:\/\/www.foretadrenaline.com\/rennes\/offres-groupes\/scolaires-et-centres-de-loisirs\/sortie-scolaire-clsh-activite-animee\/formule-groupes-activites-animees\/","title":{"rendered":"Formule groupes &#8211; activit\u00e9s anim\u00e9es"},"content":{"rendered":"\n<h3 class=\"wp-block-heading has-text-align-center\">Formule groupes &#8211; Activit\u00e9s anim\u00e9es <br>Balade nature (Maternelles), jeu \u00e9coresponsable (CP\/CE1\/CE2\/CM1), ou Course d&rsquo;Orientation (CM2\/Coll\u00e8ge) <\/h3>\n\n\n<div class=\"wp-block-image\">\n<figure class=\"alignright size-large is-resized\"><img loading=\"lazy\" decoding=\"async\" width=\"771\" height=\"1024\" src=\"https:\/\/www.foretadrenaline.com\/rennes\/wp-content\/uploads\/sites\/3\/2026\/01\/WhatsApp-Image-2025-12-29-at-09.31.18-771x1024.jpeg\" alt=\"\" class=\"wp-image-6914\" style=\"aspect-ratio:0.7529411764705882;width:358px;height:auto\" srcset=\"https:\/\/www.foretadrenaline.com\/rennes\/wp-content\/uploads\/sites\/3\/2026\/01\/WhatsApp-Image-2025-12-29-at-09.31.18-771x1024.jpeg 771w, https:\/\/www.foretadrenaline.com\/rennes\/wp-content\/uploads\/sites\/3\/2026\/01\/WhatsApp-Image-2025-12-29-at-09.31.18-226x300.jpeg 226w, https:\/\/www.foretadrenaline.com\/rennes\/wp-content\/uploads\/sites\/3\/2026\/01\/WhatsApp-Image-2025-12-29-at-09.31.18-768x1021.jpeg 768w, https:\/\/www.foretadrenaline.com\/rennes\/wp-content\/uploads\/sites\/3\/2026\/01\/WhatsApp-Image-2025-12-29-at-09.31.18-1156x1536.jpeg 1156w, https:\/\/www.foretadrenaline.com\/rennes\/wp-content\/uploads\/sites\/3\/2026\/01\/WhatsApp-Image-2025-12-29-at-09.31.18-1200x1595.jpeg 1200w, https:\/\/www.foretadrenaline.com\/rennes\/wp-content\/uploads\/sites\/3\/2026\/01\/WhatsApp-Image-2025-12-29-at-09.31.18.jpeg 1204w\" sizes=\"auto, (max-width: 771px) 100vw, 771px\" \/><\/figure>\n<\/div>\n\n\n<p class=\"has-text-align-center\"><strong>Formule groupes &#8211; Activit\u00e9s anim\u00e9e<\/strong>s<\/p>\n\n\n\n<p><strong>La balade nature de Kandouta :<\/strong><br>Aidez Kandouta le chef du village \u00e0 retrouver sa maison ! <br>Jeu de piste sur les 5 sens et les animaux de la for\u00eat <br>Nous proposons la balade nature aux enfants en <strong>classes de maternelle (TPS\/PS\/MS\/GS) <\/strong><\/p>\n\n\n\n<p><strong>Jeu \u00e9coresponsable :<\/strong> <br>Gwez le lapin a besoin d\u2019aide pour construire une maison et un jardin respectueux de la plan\u00e8te<br><strong>Le jeu \u00e9coresponsable est a destination des \u00e9l\u00e8ves de primaire (CP\/CE1\/CE2\/CM1)<\/strong><\/p>\n\n\n\n<h3 class=\"wp-block-heading has-vivid-red-color has-text-color has-link-color wp-elements-3a5a2f9c75214fc43a06eebae65d6595\"><strong>Nouveaut\u00e9 2026:<\/strong><\/h3>\n\n\n\n<p class=\"has-black-color has-text-color has-link-color wp-elements-928f6312253e72d1b47d10b3d73a61c0\"><strong>Course d&rsquo;Orientation<\/strong>:<br>D\u00e9couvrez les diff\u00e9rentes essences et esp\u00e8ces de la faune et de la flore du parc, dans un jeu ludique d&rsquo;orientation.<br>Nous proposons la course d&rsquo;Orientation pour les \u00e9l\u00e8ves en classe de <strong>CM2 et coll\u00e8ge.<\/strong><\/p>\n\n\n\n<p class=\"has-text-align-center\"><strong>Les activit\u00e9s anim\u00e9es se font au sol, et sont anim\u00e9es par l&rsquo;\u00e9quipe For\u00eat Adr\u00e9naline.<\/strong><br>N\u00e9anmoins, les accompagnateurs du groupe (professeurs, parents, animateurs) accompagnent et aident les enfants dans le jeu et g\u00e8rent les moments hors activit\u00e9<\/p>\n\n\n\n<p class=\"has-text-align-center has-luminous-vivid-amber-color has-text-color has-link-color wp-elements-ae99520d81863f0cadf1db9d2bc2e66a\"><strong>Nos activit\u00e9s sont cumulables :<\/strong><\/p>\n\n\n\n<p class=\"has-text-align-center\"><br>Nos activit\u00e9s sont cumulables :<strong><br>Activit\u00e9 accrobranche (2h30) + activit\u00e9 anim\u00e9e (45mn)<\/strong> (hors week ends, jours f\u00e9ri\u00e9s et vacances scolaires)<strong><br>ou<br>Tramp\u00d4forest\u00ae(45mn) + activit\u00e9 anim\u00e9e (45mn)<\/strong> (hors week ends, jours f\u00e9ri\u00e9s et vacances scolaires)<br>ou<br><strong>Activit\u00e9 accrobranche seule (2h30)<\/strong><br>ou <br><strong>Tramp\u00d4forest\u00aeseul (1h) <\/strong><\/p>\n\n\n\n<figure class=\"wp-block-gallery aligncenter has-nested-images columns-default is-cropped wp-block-gallery-1 is-layout-flex wp-block-gallery-is-layout-flex\">\n<figure class=\"wp-block-image size-large\"><img loading=\"lazy\" decoding=\"async\" width=\"1024\" height=\"683\" data-id=\"3978\" src=\"https:\/\/www.foretadrenaline.com\/rennes\/wp-content\/uploads\/sites\/3\/2023\/02\/IMG_9086-1024x683.jpg\" alt=\"\" class=\"wp-image-3978\" srcset=\"https:\/\/www.foretadrenaline.com\/rennes\/wp-content\/uploads\/sites\/3\/2023\/02\/IMG_9086-1024x683.jpg 1024w, https:\/\/www.foretadrenaline.com\/rennes\/wp-content\/uploads\/sites\/3\/2023\/02\/IMG_9086-300x200.jpg 300w, https:\/\/www.foretadrenaline.com\/rennes\/wp-content\/uploads\/sites\/3\/2023\/02\/IMG_9086-768x512.jpg 768w, https:\/\/www.foretadrenaline.com\/rennes\/wp-content\/uploads\/sites\/3\/2023\/02\/IMG_9086-1536x1024.jpg 1536w, https:\/\/www.foretadrenaline.com\/rennes\/wp-content\/uploads\/sites\/3\/2023\/02\/IMG_9086-scaled.jpg 2048w, https:\/\/www.foretadrenaline.com\/rennes\/wp-content\/uploads\/sites\/3\/2023\/02\/IMG_9086-1200x800.jpg 1200w\" sizes=\"auto, (max-width: 1024px) 100vw, 1024px\" \/><\/figure>\n\n\n\n<figure class=\"wp-block-image size-large\"><img loading=\"lazy\" decoding=\"async\" width=\"1024\" height=\"681\" data-id=\"3976\" src=\"https:\/\/www.foretadrenaline.com\/rennes\/wp-content\/uploads\/sites\/3\/2023\/02\/Foret-Adrenaline-Carnac_Chasse-au-tresor-1024x681.jpg\" alt=\"Sortie scolaire - centre de loisirs activit\u00e9 anim\u00e9e\" class=\"wp-image-3976\" srcset=\"https:\/\/www.foretadrenaline.com\/rennes\/wp-content\/uploads\/sites\/3\/2023\/02\/Foret-Adrenaline-Carnac_Chasse-au-tresor-1024x681.jpg 1024w, https:\/\/www.foretadrenaline.com\/rennes\/wp-content\/uploads\/sites\/3\/2023\/02\/Foret-Adrenaline-Carnac_Chasse-au-tresor-300x199.jpg 300w, https:\/\/www.foretadrenaline.com\/rennes\/wp-content\/uploads\/sites\/3\/2023\/02\/Foret-Adrenaline-Carnac_Chasse-au-tresor-768x511.jpg 768w, https:\/\/www.foretadrenaline.com\/rennes\/wp-content\/uploads\/sites\/3\/2023\/02\/Foret-Adrenaline-Carnac_Chasse-au-tresor-1536x1021.jpg 1536w, https:\/\/www.foretadrenaline.com\/rennes\/wp-content\/uploads\/sites\/3\/2023\/02\/Foret-Adrenaline-Carnac_Chasse-au-tresor-scaled.jpg 2048w, https:\/\/www.foretadrenaline.com\/rennes\/wp-content\/uploads\/sites\/3\/2023\/02\/Foret-Adrenaline-Carnac_Chasse-au-tresor-1200x798.jpg 1200w\" sizes=\"auto, (max-width: 1024px) 100vw, 1024px\" \/><\/figure>\n\n\n\n<figure class=\"wp-block-image size-large\"><img loading=\"lazy\" decoding=\"async\" width=\"1024\" height=\"683\" data-id=\"3980\" src=\"https:\/\/www.foretadrenaline.com\/rennes\/wp-content\/uploads\/sites\/3\/2023\/02\/IMG_9069-1024x683.jpg\" alt=\"Sortie scolaire - centre de loisirs activit\u00e9 anim\u00e9e\" class=\"wp-image-3980\" srcset=\"https:\/\/www.foretadrenaline.com\/rennes\/wp-content\/uploads\/sites\/3\/2023\/02\/IMG_9069-1024x683.jpg 1024w, https:\/\/www.foretadrenaline.com\/rennes\/wp-content\/uploads\/sites\/3\/2023\/02\/IMG_9069-300x200.jpg 300w, https:\/\/www.foretadrenaline.com\/rennes\/wp-content\/uploads\/sites\/3\/2023\/02\/IMG_9069-768x512.jpg 768w, https:\/\/www.foretadrenaline.com\/rennes\/wp-content\/uploads\/sites\/3\/2023\/02\/IMG_9069-1536x1024.jpg 1536w, https:\/\/www.foretadrenaline.com\/rennes\/wp-content\/uploads\/sites\/3\/2023\/02\/IMG_9069-scaled.jpg 2048w, https:\/\/www.foretadrenaline.com\/rennes\/wp-content\/uploads\/sites\/3\/2023\/02\/IMG_9069-1200x800.jpg 1200w\" sizes=\"auto, (max-width: 1024px) 100vw, 1024px\" \/><\/figure>\n<\/figure>\n\n\n\n<p class=\"has-text-align-center\">Nous vous accueillons pour des sorties scolaires du lundi au vendredi, pour une demi journ\u00e9e ou une journ\u00e9e d&rsquo;activit\u00e9.<br><strong>Nous ne proposons pas l&rsquo;activit\u00e9 anim\u00e9e lorsque le parc est ouvert au public<\/strong><br><\/p>\n\n\n\n<div class=\"wp-block-button aligncenter\"><a class=\"wp-block-button__link has-very-dark-gray-color has-luminous-vivid-amber-background-color has-text-color has-background has-small-font-size has-custom-font-size wp-element-button\" href=\"https:\/\/www.foretadrenaline.com\/rennes\/contact\/\" target=\"_blank\" rel=\"noopener noreferrer\"><strong>Pour toute demande d&rsquo;informations ou de devis : Contactez nous <\/strong><\/a><\/div>\n\n\n<div class=\"wp-block-image\">\n<figure class=\"aligncenter size-thumbnail\"><img loading=\"lazy\" decoding=\"async\" width=\"150\" height=\"150\" src=\"https:\/\/www.foretadrenaline.com\/rennes\/wp-content\/uploads\/sites\/3\/2020\/03\/imageonline-co-whitebackgroundremoved7-150x150.png\" alt=\"\" class=\"wp-image-1897\" srcset=\"https:\/\/www.foretadrenaline.com\/rennes\/wp-content\/uploads\/sites\/3\/2020\/03\/imageonline-co-whitebackgroundremoved7-150x150.png 150w, https:\/\/www.foretadrenaline.com\/rennes\/wp-content\/uploads\/sites\/3\/2020\/03\/imageonline-co-whitebackgroundremoved7-300x300.png 300w, https:\/\/www.foretadrenaline.com\/rennes\/wp-content\/uploads\/sites\/3\/2020\/03\/imageonline-co-whitebackgroundremoved7-263x263.png 263w, https:\/\/www.foretadrenaline.com\/rennes\/wp-content\/uploads\/sites\/3\/2020\/03\/imageonline-co-whitebackgroundremoved7.png 445w\" sizes=\"auto, (max-width: 150px) 100vw, 150px\" \/><\/figure>\n<\/div>\n\n\n<div class=\"wp-block-buttons is-layout-flex wp-block-buttons-is-layout-flex\">\n<div class=\"wp-block-button aligncenter\"><a class=\"wp-block-button__link has-black-color has-luminous-vivid-amber-background-color has-text-color has-background wp-element-button\" href=\"https:\/\/www.foretadrenaline.com\/rennes\/wp-content\/uploads\/sites\/3\/2026\/02\/Plaquette-Scolaires-CLSH-2026.pdf\" target=\"_blank\" rel=\"noreferrer noopener\"><strong>T\u00e9l\u00e9chargez la plaquette d&rsquo;informations <\/strong><\/a><\/div>\n<\/div>\n","protected":false},"excerpt":{"rendered":"<p>Formule groupes &#8211; Activit\u00e9s anim\u00e9es Balade nature (Maternelles), jeu \u00e9coresponsable (CP\/CE1\/CE2\/CM1), ou Course d&rsquo;Orientation (CM2\/Coll\u00e8ge) Formule groupes &#8211; Activit\u00e9s anim\u00e9es La balade nature de Kandouta :Aidez Kandouta le chef du village \u00e0 retrouver sa maison ! Jeu de piste sur les 5 sens et les animaux de la for\u00eat Nous proposons la balade nature aux&hellip;<\/p>\n","protected":false},"author":4,"featured_media":3980,"parent":716,"menu_order":1,"comment_status":"closed","ping_status":"closed","template":"","meta":{"_acf_changed":false,"footnotes":""},"class_list":["post-1942","page","type-page","status-publish","has-post-thumbnail","hentry"],"acf":[],"yoast_head":"<!-- This site is optimized with the Yoast SEO plugin v27.4 - https:\/\/yoast.com\/product\/yoast-seo-wordpress\/ -->\n<title>Formule groupes - activit\u00e9s anim\u00e9es<\/title>\n<meta name=\"description\" content=\"Formule groupes - activit\u00e9s anim\u00e9es : d\u00e9couvrez la balade nature et la chasse aux tr\u00e9sors, activit\u00e9s anim\u00e9es par l&#039;\u00e9quipe For\u00eat Adr\u00e9naline\" \/>\n<meta name=\"robots\" content=\"index, follow, max-snippet:-1, max-image-preview:large, max-video-preview:-1\" \/>\n<link rel=\"canonical\" href=\"https:\/\/www.foretadrenaline.com\/rennes\/offres-groupes\/scolaires-et-centres-de-loisirs\/sortie-scolaire-clsh-activite-animee\/formule-groupes-activites-animees\/\" \/>\n<meta property=\"og:locale\" content=\"fr_FR\" \/>\n<meta property=\"og:type\" content=\"article\" \/>\n<meta property=\"og:title\" content=\"Formule groupes - activit\u00e9s anim\u00e9es\" \/>\n<meta property=\"og:description\" content=\"Formule groupes - activit\u00e9s anim\u00e9es : d\u00e9couvrez la balade nature et la chasse aux tr\u00e9sors, activit\u00e9s anim\u00e9es par l&#039;\u00e9quipe For\u00eat Adr\u00e9naline\" \/>\n<meta property=\"og:url\" content=\"https:\/\/www.foretadrenaline.com\/rennes\/offres-groupes\/scolaires-et-centres-de-loisirs\/sortie-scolaire-clsh-activite-animee\/formule-groupes-activites-animees\/\" \/>\n<meta property=\"og:site_name\" content=\"For\u00eat Adr\u00e9naline - Rennes\" \/>\n<meta property=\"article:modified_time\" content=\"2026-04-03T12:55:51+00:00\" \/>\n<meta property=\"og:image\" content=\"https:\/\/www.foretadrenaline.com\/rennes\/wp-content\/uploads\/sites\/3\/2023\/02\/IMG_9069-scaled.jpg\" \/>\n\t<meta property=\"og:image:width\" content=\"2048\" \/>\n\t<meta property=\"og:image:height\" content=\"1365\" \/>\n\t<meta property=\"og:image:type\" content=\"image\/jpeg\" \/>\n<meta name=\"twitter:card\" content=\"summary_large_image\" \/>\n<meta name=\"twitter:label1\" content=\"Dur\u00e9e de lecture estim\u00e9e\" \/>\n\t<meta name=\"twitter:data1\" content=\"3 minutes\" \/>\n<script type=\"application\/ld+json\" class=\"yoast-schema-graph\">{\"@context\":\"https:\\\/\\\/schema.org\",\"@graph\":[{\"@type\":\"WebPage\",\"@id\":\"https:\\\/\\\/www.foretadrenaline.com\\\/rennes\\\/offres-groupes\\\/scolaires-et-centres-de-loisirs\\\/sortie-scolaire-clsh-activite-animee\\\/formule-groupes-activites-animees\\\/\",\"url\":\"https:\\\/\\\/www.foretadrenaline.com\\\/rennes\\\/offres-groupes\\\/scolaires-et-centres-de-loisirs\\\/sortie-scolaire-clsh-activite-animee\\\/formule-groupes-activites-animees\\\/\",\"name\":\"Formule groupes - activit\u00e9s anim\u00e9es\",\"isPartOf\":{\"@id\":\"https:\\\/\\\/www.foretadrenaline.com\\\/rennes\\\/#website\"},\"primaryImageOfPage\":{\"@id\":\"https:\\\/\\\/www.foretadrenaline.com\\\/rennes\\\/offres-groupes\\\/scolaires-et-centres-de-loisirs\\\/sortie-scolaire-clsh-activite-animee\\\/formule-groupes-activites-animees\\\/#primaryimage\"},\"image\":{\"@id\":\"https:\\\/\\\/www.foretadrenaline.com\\\/rennes\\\/offres-groupes\\\/scolaires-et-centres-de-loisirs\\\/sortie-scolaire-clsh-activite-animee\\\/formule-groupes-activites-animees\\\/#primaryimage\"},\"thumbnailUrl\":\"https:\\\/\\\/www.foretadrenaline.com\\\/rennes\\\/wp-content\\\/uploads\\\/sites\\\/3\\\/2023\\\/02\\\/IMG_9069-scaled.jpg\",\"datePublished\":\"2020-03-24T14:10:26+00:00\",\"dateModified\":\"2026-04-03T12:55:51+00:00\",\"description\":\"Formule groupes - activit\u00e9s anim\u00e9es : d\u00e9couvrez la balade nature et la chasse aux tr\u00e9sors, activit\u00e9s anim\u00e9es par l'\u00e9quipe For\u00eat Adr\u00e9naline\",\"breadcrumb\":{\"@id\":\"https:\\\/\\\/www.foretadrenaline.com\\\/rennes\\\/offres-groupes\\\/scolaires-et-centres-de-loisirs\\\/sortie-scolaire-clsh-activite-animee\\\/formule-groupes-activites-animees\\\/#breadcrumb\"},\"inLanguage\":\"fr-FR\",\"potentialAction\":[{\"@type\":\"ReadAction\",\"target\":[\"https:\\\/\\\/www.foretadrenaline.com\\\/rennes\\\/offres-groupes\\\/scolaires-et-centres-de-loisirs\\\/sortie-scolaire-clsh-activite-animee\\\/formule-groupes-activites-animees\\\/\"]}]},{\"@type\":\"ImageObject\",\"inLanguage\":\"fr-FR\",\"@id\":\"https:\\\/\\\/www.foretadrenaline.com\\\/rennes\\\/offres-groupes\\\/scolaires-et-centres-de-loisirs\\\/sortie-scolaire-clsh-activite-animee\\\/formule-groupes-activites-animees\\\/#primaryimage\",\"url\":\"https:\\\/\\\/www.foretadrenaline.com\\\/rennes\\\/wp-content\\\/uploads\\\/sites\\\/3\\\/2023\\\/02\\\/IMG_9069-scaled.jpg\",\"contentUrl\":\"https:\\\/\\\/www.foretadrenaline.com\\\/rennes\\\/wp-content\\\/uploads\\\/sites\\\/3\\\/2023\\\/02\\\/IMG_9069-scaled.jpg\",\"width\":2048,\"height\":1365,\"caption\":\"Sortie scolaire - centre de loisirs activit\u00e9 anim\u00e9e\"},{\"@type\":\"BreadcrumbList\",\"@id\":\"https:\\\/\\\/www.foretadrenaline.com\\\/rennes\\\/offres-groupes\\\/scolaires-et-centres-de-loisirs\\\/sortie-scolaire-clsh-activite-animee\\\/formule-groupes-activites-animees\\\/#breadcrumb\",\"itemListElement\":[{\"@type\":\"ListItem\",\"position\":1,\"name\":\"Accueil\",\"item\":\"https:\\\/\\\/www.foretadrenaline.com\\\/rennes\\\/\"},{\"@type\":\"ListItem\",\"position\":2,\"name\":\"Offres groupes\",\"item\":\"https:\\\/\\\/www.foretadrenaline.com\\\/rennes\\\/offres-groupes\\\/\"},{\"@type\":\"ListItem\",\"position\":3,\"name\":\"Scolaires et centres de loisirs\",\"item\":\"https:\\\/\\\/www.foretadrenaline.com\\\/rennes\\\/offres-groupes\\\/scolaires-et-centres-de-loisirs\\\/\"},{\"@type\":\"ListItem\",\"position\":4,\"name\":\"Activit\u00e9 anim\u00e9e\",\"item\":\"https:\\\/\\\/www.foretadrenaline.com\\\/rennes\\\/?page_id=716\"},{\"@type\":\"ListItem\",\"position\":5,\"name\":\"Formule groupes &#8211; activit\u00e9s anim\u00e9es\"}]},{\"@type\":\"WebSite\",\"@id\":\"https:\\\/\\\/www.foretadrenaline.com\\\/rennes\\\/#website\",\"url\":\"https:\\\/\\\/www.foretadrenaline.com\\\/rennes\\\/\",\"name\":\"For\u00eat Adr\u00e9naline - Rennes\",\"description\":\"Un site utilisant For\u00eat Adr\u00e9naline\",\"potentialAction\":[{\"@type\":\"SearchAction\",\"target\":{\"@type\":\"EntryPoint\",\"urlTemplate\":\"https:\\\/\\\/www.foretadrenaline.com\\\/rennes\\\/?s={search_term_string}\"},\"query-input\":{\"@type\":\"PropertyValueSpecification\",\"valueRequired\":true,\"valueName\":\"search_term_string\"}}],\"inLanguage\":\"fr-FR\"}]}<\/script>\n<!-- \/ Yoast SEO plugin. -->","yoast_head_json":{"title":"Formule groupes - activit\u00e9s anim\u00e9es","description":"Formule groupes - activit\u00e9s anim\u00e9es : d\u00e9couvrez la balade nature et la chasse aux tr\u00e9sors, activit\u00e9s anim\u00e9es par l'\u00e9quipe For\u00eat Adr\u00e9naline","robots":{"index":"index","follow":"follow","max-snippet":"max-snippet:-1","max-image-preview":"max-image-preview:large","max-video-preview":"max-video-preview:-1"},"canonical":"https:\/\/www.foretadrenaline.com\/rennes\/offres-groupes\/scolaires-et-centres-de-loisirs\/sortie-scolaire-clsh-activite-animee\/formule-groupes-activites-animees\/","og_locale":"fr_FR","og_type":"article","og_title":"Formule groupes - activit\u00e9s anim\u00e9es","og_description":"Formule groupes - activit\u00e9s anim\u00e9es : d\u00e9couvrez la balade nature et la chasse aux tr\u00e9sors, activit\u00e9s anim\u00e9es par l'\u00e9quipe For\u00eat Adr\u00e9naline","og_url":"https:\/\/www.foretadrenaline.com\/rennes\/offres-groupes\/scolaires-et-centres-de-loisirs\/sortie-scolaire-clsh-activite-animee\/formule-groupes-activites-animees\/","og_site_name":"For\u00eat Adr\u00e9naline - Rennes","article_modified_time":"2026-04-03T12:55:51+00:00","og_image":[{"width":2048,"height":1365,"url":"https:\/\/www.foretadrenaline.com\/rennes\/wp-content\/uploads\/sites\/3\/2023\/02\/IMG_9069-scaled.jpg","type":"image\/jpeg"}],"twitter_card":"summary_large_image","twitter_misc":{"Dur\u00e9e de lecture estim\u00e9e":"3 minutes"},"schema":{"@context":"https:\/\/schema.org","@graph":[{"@type":"WebPage","@id":"https:\/\/www.foretadrenaline.com\/rennes\/offres-groupes\/scolaires-et-centres-de-loisirs\/sortie-scolaire-clsh-activite-animee\/formule-groupes-activites-animees\/","url":"https:\/\/www.foretadrenaline.com\/rennes\/offres-groupes\/scolaires-et-centres-de-loisirs\/sortie-scolaire-clsh-activite-animee\/formule-groupes-activites-animees\/","name":"Formule groupes - activit\u00e9s anim\u00e9es","isPartOf":{"@id":"https:\/\/www.foretadrenaline.com\/rennes\/#website"},"primaryImageOfPage":{"@id":"https:\/\/www.foretadrenaline.com\/rennes\/offres-groupes\/scolaires-et-centres-de-loisirs\/sortie-scolaire-clsh-activite-animee\/formule-groupes-activites-animees\/#primaryimage"},"image":{"@id":"https:\/\/www.foretadrenaline.com\/rennes\/offres-groupes\/scolaires-et-centres-de-loisirs\/sortie-scolaire-clsh-activite-animee\/formule-groupes-activites-animees\/#primaryimage"},"thumbnailUrl":"https:\/\/www.foretadrenaline.com\/rennes\/wp-content\/uploads\/sites\/3\/2023\/02\/IMG_9069-scaled.jpg","datePublished":"2020-03-24T14:10:26+00:00","dateModified":"2026-04-03T12:55:51+00:00","description":"Formule groupes - activit\u00e9s anim\u00e9es : d\u00e9couvrez la balade nature et la chasse aux tr\u00e9sors, activit\u00e9s anim\u00e9es par l'\u00e9quipe For\u00eat Adr\u00e9naline","breadcrumb":{"@id":"https:\/\/www.foretadrenaline.com\/rennes\/offres-groupes\/scolaires-et-centres-de-loisirs\/sortie-scolaire-clsh-activite-animee\/formule-groupes-activites-animees\/#breadcrumb"},"inLanguage":"fr-FR","potentialAction":[{"@type":"ReadAction","target":["https:\/\/www.foretadrenaline.com\/rennes\/offres-groupes\/scolaires-et-centres-de-loisirs\/sortie-scolaire-clsh-activite-animee\/formule-groupes-activites-animees\/"]}]},{"@type":"ImageObject","inLanguage":"fr-FR","@id":"https:\/\/www.foretadrenaline.com\/rennes\/offres-groupes\/scolaires-et-centres-de-loisirs\/sortie-scolaire-clsh-activite-animee\/formule-groupes-activites-animees\/#primaryimage","url":"https:\/\/www.foretadrenaline.com\/rennes\/wp-content\/uploads\/sites\/3\/2023\/02\/IMG_9069-scaled.jpg","contentUrl":"https:\/\/www.foretadrenaline.com\/rennes\/wp-content\/uploads\/sites\/3\/2023\/02\/IMG_9069-scaled.jpg","width":2048,"height":1365,"caption":"Sortie scolaire - centre de loisirs activit\u00e9 anim\u00e9e"},{"@type":"BreadcrumbList","@id":"https:\/\/www.foretadrenaline.com\/rennes\/offres-groupes\/scolaires-et-centres-de-loisirs\/sortie-scolaire-clsh-activite-animee\/formule-groupes-activites-animees\/#breadcrumb","itemListElement":[{"@type":"ListItem","position":1,"name":"Accueil","item":"https:\/\/www.foretadrenaline.com\/rennes\/"},{"@type":"ListItem","position":2,"name":"Offres groupes","item":"https:\/\/www.foretadrenaline.com\/rennes\/offres-groupes\/"},{"@type":"ListItem","position":3,"name":"Scolaires et centres de loisirs","item":"https:\/\/www.foretadrenaline.com\/rennes\/offres-groupes\/scolaires-et-centres-de-loisirs\/"},{"@type":"ListItem","position":4,"name":"Activit\u00e9 anim\u00e9e","item":"https:\/\/www.foretadrenaline.com\/rennes\/?page_id=716"},{"@type":"ListItem","position":5,"name":"Formule groupes &#8211; activit\u00e9s anim\u00e9es"}]},{"@type":"WebSite","@id":"https:\/\/www.foretadrenaline.com\/rennes\/#website","url":"https:\/\/www.foretadrenaline.com\/rennes\/","name":"For\u00eat Adr\u00e9naline - Rennes","description":"Un site utilisant For\u00eat Adr\u00e9naline","potentialAction":[{"@type":"SearchAction","target":{"@type":"EntryPoint","urlTemplate":"https:\/\/www.foretadrenaline.com\/rennes\/?s={search_term_string}"},"query-input":{"@type":"PropertyValueSpecification","valueRequired":true,"valueName":"search_term_string"}}],"inLanguage":"fr-FR"}]}},"_links":{"self":[{"href":"https:\/\/www.foretadrenaline.com\/rennes\/wp-json\/wp\/v2\/pages\/1942","targetHints":{"allow":["GET"]}}],"collection":[{"href":"https:\/\/www.foretadrenaline.com\/rennes\/wp-json\/wp\/v2\/pages"}],"about":[{"href":"https:\/\/www.foretadrenaline.com\/rennes\/wp-json\/wp\/v2\/types\/page"}],"author":[{"embeddable":true,"href":"https:\/\/www.foretadrenaline.com\/rennes\/wp-json\/wp\/v2\/users\/4"}],"replies":[{"embeddable":true,"href":"https:\/\/www.foretadrenaline.com\/rennes\/wp-json\/wp\/v2\/comments?post=1942"}],"version-history":[{"count":20,"href":"https:\/\/www.foretadrenaline.com\/rennes\/wp-json\/wp\/v2\/pages\/1942\/revisions"}],"predecessor-version":[{"id":7598,"href":"https:\/\/www.foretadrenaline.com\/rennes\/wp-json\/wp\/v2\/pages\/1942\/revisions\/7598"}],"up":[{"embeddable":true,"href":"https:\/\/www.foretadrenaline.com\/rennes\/wp-json\/wp\/v2\/pages\/716"}],"wp:featuredmedia":[{"embeddable":true,"href":"https:\/\/www.foretadrenaline.com\/rennes\/wp-json\/wp\/v2\/media\/3980"}],"wp:attachment":[{"href":"https:\/\/www.foretadrenaline.com\/rennes\/wp-json\/wp\/v2\/media?parent=1942"}],"curies":[{"name":"wp","href":"https:\/\/api.w.org\/{rel}","templated":true}]}}