{"id":1713,"date":"2019-10-30T10:11:58","date_gmt":"2019-10-30T09:11:58","guid":{"rendered":"https:\/\/www.foretadrenaline.com\/saint-pere\/?page_id=1713"},"modified":"2026-02-18T14:49:46","modified_gmt":"2026-02-18T13:49:46","slug":"bonnes-adresses-autour-de-nous","status":"publish","type":"page","link":"https:\/\/www.foretadrenaline.com\/saint-pere\/bonnes-adresses-autour-de-nous\/","title":{"rendered":"Bonnes adresses autour du parc"},"content":{"rendered":"\n<p class=\"has-text-align-center has-medium-font-size\">Ahoy matelots et corsaires de tous horizons ! Vous cherchez \u00e0 vous restaurer ou \u00e0 d\u00e9couvrir des lieux charg\u00e9s d&rsquo;histoire ? Ne cherchez plus ! <br>Le Capitaine vous propose ses bonnes adresses \u00e0 ne pas manquer ! <br>Suivez le guide et d\u00e9couvrez des lieux embl\u00e9matiques, o\u00f9 se m\u00ealent histoire, culture et divertissement.<\/p>\n\n\n\n<p class=\"has-text-align-center\" style=\"font-size:28px\"><strong>O\u00f9 se restaurer ?<\/strong><\/p>\n\n\n\n<p class=\"has-medium-font-size\">A la recherche de bonnes adresses pour vous sustenter ? Nous avons d\u00e9nich\u00e9 pour vous les meilleurs restaurants des sept mers. Embarquez pour une exp\u00e9rience culinaire unique, et laissez vous s\u00e9duire par des plats savoureux et des cocktails rafra\u00eechissants. <br>Que vous pr\u00e9f\u00e9riez une ambiance intimiste ou festive, ces \u00e9tablissements r\u00e9pondront \u00e0 vos attentes. Levez l&rsquo;ancre et continuez votre aventure hors du parc !<\/p>\n\n\n\n<p class=\"has-medium-font-size\">Vous avez d&rsquo;autres recommandations ? N&rsquo;h\u00e9sitez pas \u00e0 <a href=\"https:\/\/www.foretadrenaline.com\/saint-pere\/contact\/\" target=\"_blank\" rel=\"noreferrer noopener\">nous en faire part<\/a>. <\/p>\n\n\n\n<figure class=\"wp-block-gallery has-nested-images columns-default is-cropped wp-block-gallery-1 is-layout-flex wp-block-gallery-is-layout-flex\">\n<figure class=\"wp-block-image size-large\"><img loading=\"lazy\" decoding=\"async\" width=\"724\" height=\"1024\" data-id=\"1714\" src=\"https:\/\/www.foretadrenaline.com\/saint-pere\/wp-content\/uploads\/sites\/4\/2019\/10\/1-724x1024.jpg\" alt=\"Bonnes adresses gastronomiques\" class=\"wp-image-1714\" srcset=\"https:\/\/www.foretadrenaline.com\/saint-pere\/wp-content\/uploads\/sites\/4\/2019\/10\/1-724x1024.jpg 724w, https:\/\/www.foretadrenaline.com\/saint-pere\/wp-content\/uploads\/sites\/4\/2019\/10\/1-212x300.jpg 212w, https:\/\/www.foretadrenaline.com\/saint-pere\/wp-content\/uploads\/sites\/4\/2019\/10\/1-768x1086.jpg 768w, https:\/\/www.foretadrenaline.com\/saint-pere\/wp-content\/uploads\/sites\/4\/2019\/10\/1.jpg 794w\" sizes=\"auto, (max-width: 724px) 100vw, 724px\" \/><\/figure>\n\n\n\n<figure class=\"wp-block-image size-large\"><img loading=\"lazy\" decoding=\"async\" width=\"1024\" height=\"683\" data-id=\"939\" src=\"https:\/\/www.foretadrenaline.com\/saint-pere\/wp-content\/uploads\/sites\/4\/2019\/06\/\u00a9aLamoureux-Le-Grand-B\u00e9-1024x683.jpg\" alt=\"\" class=\"wp-image-939\" srcset=\"https:\/\/www.foretadrenaline.com\/saint-pere\/wp-content\/uploads\/sites\/4\/2019\/06\/\u00a9aLamoureux-Le-Grand-B\u00e9-1024x683.jpg 1024w, https:\/\/www.foretadrenaline.com\/saint-pere\/wp-content\/uploads\/sites\/4\/2019\/06\/\u00a9aLamoureux-Le-Grand-B\u00e9-300x200.jpg 300w, https:\/\/www.foretadrenaline.com\/saint-pere\/wp-content\/uploads\/sites\/4\/2019\/06\/\u00a9aLamoureux-Le-Grand-B\u00e9-768x512.jpg 768w, https:\/\/www.foretadrenaline.com\/saint-pere\/wp-content\/uploads\/sites\/4\/2019\/06\/\u00a9aLamoureux-Le-Grand-B\u00e9.jpg 1200w\" sizes=\"auto, (max-width: 1024px) 100vw, 1024px\" \/><\/figure>\n<\/figure>\n\n\n\n<p><\/p>\n\n\n\n<p class=\"has-text-align-center\" style=\"font-size:28px\"><strong>D\u00e9couvrir les produits r\u00e9gionaux<\/strong><\/p>\n\n\n\n<p class=\"has-medium-font-size\">Hissez les voiles vers les tr\u00e9sors de notre r\u00e9gion et d\u00e9couvrez les richesses gustatives qu&rsquo;elle vous propose ! Des fruits de mer fra\u00eechement p\u00each\u00e9s, aux sp\u00e9cialit\u00e9s gustatives les plus inattendues, laissez vous surprendre par la diversit\u00e9 de nos produits locaux. <br>Des saveurs corsaires authentiques \u00e0 d\u00e9guster sans mod\u00e9ration ! <\/p>\n\n\n\n<figure class=\"wp-block-gallery has-nested-images columns-default is-cropped wp-block-gallery-2 is-layout-flex wp-block-gallery-is-layout-flex\">\n<figure class=\"wp-block-image size-large\"><img loading=\"lazy\" decoding=\"async\" width=\"724\" height=\"1024\" data-id=\"1716\" src=\"https:\/\/www.foretadrenaline.com\/saint-pere\/wp-content\/uploads\/sites\/4\/2019\/10\/2-724x1024.jpg\" alt=\"Bonnes adresses gustatives\" class=\"wp-image-1716\" srcset=\"https:\/\/www.foretadrenaline.com\/saint-pere\/wp-content\/uploads\/sites\/4\/2019\/10\/2-724x1024.jpg 724w, https:\/\/www.foretadrenaline.com\/saint-pere\/wp-content\/uploads\/sites\/4\/2019\/10\/2-212x300.jpg 212w, https:\/\/www.foretadrenaline.com\/saint-pere\/wp-content\/uploads\/sites\/4\/2019\/10\/2-768x1086.jpg 768w, https:\/\/www.foretadrenaline.com\/saint-pere\/wp-content\/uploads\/sites\/4\/2019\/10\/2.jpg 794w\" sizes=\"auto, (max-width: 724px) 100vw, 724px\" \/><\/figure>\n\n\n\n<figure class=\"wp-block-image size-large\"><img loading=\"lazy\" decoding=\"async\" width=\"1024\" height=\"576\" data-id=\"937\" src=\"https:\/\/www.foretadrenaline.com\/saint-pere\/wp-content\/uploads\/sites\/4\/2019\/06\/1527495974-2023741378-1024x576.jpg\" alt=\"\" class=\"wp-image-937\" srcset=\"https:\/\/www.foretadrenaline.com\/saint-pere\/wp-content\/uploads\/sites\/4\/2019\/06\/1527495974-2023741378-1024x576.jpg 1024w, https:\/\/www.foretadrenaline.com\/saint-pere\/wp-content\/uploads\/sites\/4\/2019\/06\/1527495974-2023741378-300x169.jpg 300w, https:\/\/www.foretadrenaline.com\/saint-pere\/wp-content\/uploads\/sites\/4\/2019\/06\/1527495974-2023741378-768x432.jpg 768w, https:\/\/www.foretadrenaline.com\/saint-pere\/wp-content\/uploads\/sites\/4\/2019\/06\/1527495974-2023741378-1200x675.jpg 1200w, https:\/\/www.foretadrenaline.com\/saint-pere\/wp-content\/uploads\/sites\/4\/2019\/06\/1527495974-2023741378.jpg 1920w\" sizes=\"auto, (max-width: 1024px) 100vw, 1024px\" \/><\/figure>\n<\/figure>\n\n\n\n<p class=\"has-text-align-center\" style=\"font-size:28px\"><strong>Arpenter la C\u00f4te d\u2019\u00c9meraude<\/strong><\/p>\n\n\n\n<p class=\"has-medium-font-size\">Amarrez vous aux plus beaux ports de notre c\u00f4te ! Explorez les lieux touristiques les plus l\u00e9gendaires de notre r\u00e9gion, visitez les forts et mus\u00e9es, plongez dans l&rsquo;histoire , \u00e9merveillez vous devant les paysages \u00e9poustouflants et partez \u00e0 l&rsquo;aventure sur les flots. <br>Naviguez vers l&rsquo;inoubliable ! Que la d\u00e9couverte commence, moussaillons !<\/p>\n\n\n\n<figure class=\"wp-block-gallery has-nested-images columns-default is-cropped wp-block-gallery-3 is-layout-flex wp-block-gallery-is-layout-flex\">\n<figure class=\"wp-block-image size-large\"><img loading=\"lazy\" decoding=\"async\" width=\"724\" height=\"1024\" data-id=\"1718\" src=\"https:\/\/www.foretadrenaline.com\/saint-pere\/wp-content\/uploads\/sites\/4\/2019\/10\/3-724x1024.jpg\" alt=\"Bonnes adresses touristiques\" class=\"wp-image-1718\" srcset=\"https:\/\/www.foretadrenaline.com\/saint-pere\/wp-content\/uploads\/sites\/4\/2019\/10\/3-724x1024.jpg 724w, https:\/\/www.foretadrenaline.com\/saint-pere\/wp-content\/uploads\/sites\/4\/2019\/10\/3-212x300.jpg 212w, https:\/\/www.foretadrenaline.com\/saint-pere\/wp-content\/uploads\/sites\/4\/2019\/10\/3-768x1086.jpg 768w, https:\/\/www.foretadrenaline.com\/saint-pere\/wp-content\/uploads\/sites\/4\/2019\/10\/3.jpg 794w\" sizes=\"auto, (max-width: 724px) 100vw, 724px\" \/><\/figure>\n\n\n\n<figure class=\"wp-block-image size-large\"><img loading=\"lazy\" decoding=\"async\" width=\"794\" height=\"1123\" data-id=\"1720\" src=\"https:\/\/www.foretadrenaline.com\/saint-pere\/wp-content\/uploads\/sites\/4\/2019\/10\/4-724x1024.jpg\" alt=\"Bonnes adresses touristiques\" class=\"wp-image-1720\" srcset=\"https:\/\/www.foretadrenaline.com\/saint-pere\/wp-content\/uploads\/sites\/4\/2019\/10\/4-724x1024.jpg 724w, https:\/\/www.foretadrenaline.com\/saint-pere\/wp-content\/uploads\/sites\/4\/2019\/10\/4-212x300.jpg 212w, https:\/\/www.foretadrenaline.com\/saint-pere\/wp-content\/uploads\/sites\/4\/2019\/10\/4-768x1086.jpg 768w, https:\/\/www.foretadrenaline.com\/saint-pere\/wp-content\/uploads\/sites\/4\/2019\/10\/4.jpg 794w\" sizes=\"auto, (max-width: 794px) 100vw, 794px\" \/><\/figure>\n<\/figure>\n\n\n\n<figure class=\"wp-block-gallery has-nested-images columns-default is-cropped wp-block-gallery-4 is-layout-flex wp-block-gallery-is-layout-flex\">\n<figure class=\"wp-block-image size-large\"><img loading=\"lazy\" decoding=\"async\" width=\"724\" height=\"1024\" data-id=\"1722\" src=\"https:\/\/www.foretadrenaline.com\/saint-pere\/wp-content\/uploads\/sites\/4\/2019\/10\/5-724x1024.jpg\" alt=\"Bonnes adresses touristiques\" class=\"wp-image-1722\" srcset=\"https:\/\/www.foretadrenaline.com\/saint-pere\/wp-content\/uploads\/sites\/4\/2019\/10\/5-724x1024.jpg 724w, https:\/\/www.foretadrenaline.com\/saint-pere\/wp-content\/uploads\/sites\/4\/2019\/10\/5-212x300.jpg 212w, https:\/\/www.foretadrenaline.com\/saint-pere\/wp-content\/uploads\/sites\/4\/2019\/10\/5-768x1086.jpg 768w, https:\/\/www.foretadrenaline.com\/saint-pere\/wp-content\/uploads\/sites\/4\/2019\/10\/5.jpg 794w\" sizes=\"auto, (max-width: 724px) 100vw, 724px\" \/><\/figure>\n\n\n\n<figure class=\"wp-block-image size-large\"><img loading=\"lazy\" decoding=\"async\" width=\"1024\" height=\"640\" data-id=\"941\" src=\"https:\/\/www.foretadrenaline.com\/saint-pere\/wp-content\/uploads\/sites\/4\/2019\/06\/\u00a9Emmanuel-Duclos-Easy-Ride-1024x640.jpg\" alt=\"\" class=\"wp-image-941\" srcset=\"https:\/\/www.foretadrenaline.com\/saint-pere\/wp-content\/uploads\/sites\/4\/2019\/06\/\u00a9Emmanuel-Duclos-Easy-Ride-1024x640.jpg 1024w, https:\/\/www.foretadrenaline.com\/saint-pere\/wp-content\/uploads\/sites\/4\/2019\/06\/\u00a9Emmanuel-Duclos-Easy-Ride-300x188.jpg 300w, https:\/\/www.foretadrenaline.com\/saint-pere\/wp-content\/uploads\/sites\/4\/2019\/06\/\u00a9Emmanuel-Duclos-Easy-Ride-768x480.jpg 768w, https:\/\/www.foretadrenaline.com\/saint-pere\/wp-content\/uploads\/sites\/4\/2019\/06\/\u00a9Emmanuel-Duclos-Easy-Ride.jpg 1200w\" sizes=\"auto, (max-width: 1024px) 100vw, 1024px\" \/><figcaption class=\"wp-element-caption\">\u00a9Emmanuel-Duclos-Easy-Ride<\/figcaption><\/figure>\n<\/figure>\n\n\n\n<p><\/p>\n\n\n\n<p class=\"has-text-align-center\" style=\"font-size:28px\"><strong>Contactez les Offices de tourisme<\/strong><\/p>\n\n\n\n<div class=\"wp-block-columns is-layout-flex wp-container-core-columns-is-layout-9d6595d7 wp-block-columns-is-layout-flex\">\n<div class=\"wp-block-column is-layout-flow wp-block-column-is-layout-flow\" style=\"flex-basis:100%\">\n<div class=\"wp-block-group\"><div class=\"wp-block-group__inner-container is-layout-flow wp-block-group-is-layout-flow\">\n<div class=\"wp-block-columns is-layout-flex wp-container-core-columns-is-layout-9d6595d7 wp-block-columns-is-layout-flex\">\n<div class=\"wp-block-column is-layout-flow wp-block-column-is-layout-flow\" style=\"flex-basis:100%\">\n<figure class=\"wp-block-gallery has-nested-images columns-default is-cropped wp-block-gallery-5 is-layout-flex wp-block-gallery-is-layout-flex\">\n<figure class=\"wp-block-image size-full\"><a href=\"https:\/\/www.saint-malo-tourisme.com\/\"><img loading=\"lazy\" decoding=\"async\" width=\"200\" height=\"200\" data-id=\"3745\" src=\"https:\/\/www.foretadrenaline.com\/saint-pere\/wp-content\/uploads\/sites\/4\/2022\/03\/Saint-Malo-1.png\" alt=\"\" class=\"wp-image-3745\" srcset=\"https:\/\/www.foretadrenaline.com\/saint-pere\/wp-content\/uploads\/sites\/4\/2022\/03\/Saint-Malo-1.png 200w, https:\/\/www.foretadrenaline.com\/saint-pere\/wp-content\/uploads\/sites\/4\/2022\/03\/Saint-Malo-1-150x150.png 150w\" sizes=\"auto, (max-width: 200px) 100vw, 200px\" \/><\/a><\/figure>\n\n\n\n<figure class=\"wp-block-image size-full\"><a href=\"https:\/\/www.loisirsbretagne35.com\/\"><img loading=\"lazy\" decoding=\"async\" width=\"200\" height=\"200\" data-id=\"3749\" src=\"https:\/\/www.foretadrenaline.com\/saint-pere\/wp-content\/uploads\/sites\/4\/2022\/03\/HBL-35-4.png\" alt=\"\" class=\"wp-image-3749\" srcset=\"https:\/\/www.foretadrenaline.com\/saint-pere\/wp-content\/uploads\/sites\/4\/2022\/03\/HBL-35-4.png 200w, https:\/\/www.foretadrenaline.com\/saint-pere\/wp-content\/uploads\/sites\/4\/2022\/03\/HBL-35-4-150x150.png 150w\" sizes=\"auto, (max-width: 200px) 100vw, 200px\" \/><\/a><\/figure>\n\n\n\n<figure class=\"wp-block-image size-full\"><a href=\"https:\/\/www.dinardemeraudetourisme.com\/\"><img loading=\"lazy\" decoding=\"async\" width=\"200\" height=\"200\" data-id=\"3743\" src=\"https:\/\/www.foretadrenaline.com\/saint-pere\/wp-content\/uploads\/sites\/4\/2022\/03\/Dinard-1.png\" alt=\"\" class=\"wp-image-3743\" srcset=\"https:\/\/www.foretadrenaline.com\/saint-pere\/wp-content\/uploads\/sites\/4\/2022\/03\/Dinard-1.png 200w, https:\/\/www.foretadrenaline.com\/saint-pere\/wp-content\/uploads\/sites\/4\/2022\/03\/Dinard-1-150x150.png 150w\" sizes=\"auto, (max-width: 200px) 100vw, 200px\" \/><\/a><\/figure>\n\n\n\n<figure class=\"wp-block-image size-large\"><a href=\"https:\/\/www.bretagne35.com\/\"><img loading=\"lazy\" decoding=\"async\" width=\"200\" height=\"200\" data-id=\"3739\" src=\"https:\/\/www.foretadrenaline.com\/saint-pere\/wp-content\/uploads\/sites\/4\/2022\/03\/Haute-Bretagne.png\" alt=\"\" class=\"wp-image-3739\" srcset=\"https:\/\/www.foretadrenaline.com\/saint-pere\/wp-content\/uploads\/sites\/4\/2022\/03\/Haute-Bretagne.png 200w, https:\/\/www.foretadrenaline.com\/saint-pere\/wp-content\/uploads\/sites\/4\/2022\/03\/Haute-Bretagne-150x150.png 150w\" sizes=\"auto, (max-width: 200px) 100vw, 200px\" \/><\/a><\/figure>\n\n\n\n<figure class=\"wp-block-image size-large\"><a href=\"https:\/\/www.dinan-capfrehel.com\/\"><img loading=\"lazy\" decoding=\"async\" width=\"200\" height=\"200\" data-id=\"3733\" src=\"https:\/\/www.foretadrenaline.com\/saint-pere\/wp-content\/uploads\/sites\/4\/2022\/03\/Dinan-Cap-Frehel-1.png\" alt=\"\" class=\"wp-image-3733\" srcset=\"https:\/\/www.foretadrenaline.com\/saint-pere\/wp-content\/uploads\/sites\/4\/2022\/03\/Dinan-Cap-Frehel-1.png 200w, https:\/\/www.foretadrenaline.com\/saint-pere\/wp-content\/uploads\/sites\/4\/2022\/03\/Dinan-Cap-Frehel-1-150x150.png 150w\" sizes=\"auto, (max-width: 200px) 100vw, 200px\" \/><\/a><\/figure>\n\n\n\n<figure class=\"wp-block-image size-large\"><a href=\"https:\/\/www.tourismebretagne.com\/destinations\/les-departements\/ille-et-vilaine\/\"><img loading=\"lazy\" decoding=\"async\" width=\"200\" height=\"200\" data-id=\"3741\" src=\"https:\/\/www.foretadrenaline.com\/saint-pere\/wp-content\/uploads\/sites\/4\/2022\/03\/Tourisme-bretagne.png\" alt=\"\" class=\"wp-image-3741\" srcset=\"https:\/\/www.foretadrenaline.com\/saint-pere\/wp-content\/uploads\/sites\/4\/2022\/03\/Tourisme-bretagne.png 200w, https:\/\/www.foretadrenaline.com\/saint-pere\/wp-content\/uploads\/sites\/4\/2022\/03\/Tourisme-bretagne-150x150.png 150w\" sizes=\"auto, (max-width: 200px) 100vw, 200px\" \/><\/a><\/figure>\n<\/figure>\n<\/div>\n<\/div>\n<\/div><\/div>\n<\/div>\n<\/div>\n\n\n\n<p><\/p>\n","protected":false},"excerpt":{"rendered":"<p>Ahoy matelots et corsaires de tous horizons ! Vous cherchez \u00e0 vous restaurer ou \u00e0 d\u00e9couvrir des lieux charg\u00e9s d&rsquo;histoire ? Ne cherchez plus ! Le Capitaine vous propose ses bonnes adresses \u00e0 ne pas manquer ! Suivez le guide et d\u00e9couvrez des lieux embl\u00e9matiques, o\u00f9 se m\u00ealent histoire, culture et divertissement. O\u00f9 se restaurer&hellip;<\/p>\n","protected":false},"author":2,"featured_media":943,"parent":0,"menu_order":0,"comment_status":"closed","ping_status":"closed","template":"","meta":{"_acf_changed":false,"footnotes":""},"class_list":["post-1713","page","type-page","status-publish","has-post-thumbnail","hentry"],"acf":[],"yoast_head":"<!-- This site is optimized with the Yoast SEO plugin v27.5 - https:\/\/yoast.com\/product\/yoast-seo-wordpress\/ -->\n<title>Bonnes adresses autour du parc - For\u00eat Adr\u00e9naline - Saint-P\u00e8re<\/title>\n<meta name=\"description\" content=\"Toutes les bonnes adresses du Capitaines : O\u00f9 se restaurer ? D\u00e9couvrir les produits r\u00e9gionaux! Arpenter la C\u00f4te d\u2019\u00c9meraude.\" \/>\n<meta name=\"robots\" content=\"index, follow, max-snippet:-1, max-image-preview:large, max-video-preview:-1\" \/>\n<link rel=\"canonical\" href=\"https:\/\/www.foretadrenaline.com\/saint-pere\/bonnes-adresses-autour-de-nous\/\" \/>\n<meta property=\"og:locale\" content=\"fr_FR\" \/>\n<meta property=\"og:type\" content=\"article\" \/>\n<meta property=\"og:title\" content=\"Bonnes adresses autour du parc - For\u00eat Adr\u00e9naline - Saint-P\u00e8re\" \/>\n<meta property=\"og:description\" content=\"Toutes les bonnes adresses du Capitaines : O\u00f9 se restaurer ? D\u00e9couvrir les produits r\u00e9gionaux! Arpenter la C\u00f4te d\u2019\u00c9meraude.\" \/>\n<meta property=\"og:url\" content=\"https:\/\/www.foretadrenaline.com\/saint-pere\/bonnes-adresses-autour-de-nous\/\" \/>\n<meta property=\"og:site_name\" content=\"For\u00eat Adr\u00e9naline - Saint-P\u00e8re\" \/>\n<meta property=\"article:modified_time\" content=\"2026-02-18T13:49:46+00:00\" \/>\n<meta property=\"og:image\" content=\"https:\/\/www.foretadrenaline.com\/saint-pere\/wp-content\/uploads\/sites\/4\/2019\/06\/\u00a9JC-Bourniche.jpg\" \/>\n\t<meta property=\"og:image:width\" content=\"1200\" \/>\n\t<meta property=\"og:image:height\" content=\"750\" \/>\n\t<meta property=\"og:image:type\" content=\"image\/jpeg\" \/>\n<meta name=\"twitter:card\" content=\"summary_large_image\" \/>\n<meta name=\"twitter:label1\" content=\"Dur\u00e9e de lecture estim\u00e9e\" \/>\n\t<meta name=\"twitter:data1\" content=\"5 minutes\" \/>\n<script type=\"application\/ld+json\" class=\"yoast-schema-graph\">{\"@context\":\"https:\\\/\\\/schema.org\",\"@graph\":[{\"@type\":\"WebPage\",\"@id\":\"https:\\\/\\\/www.foretadrenaline.com\\\/saint-pere\\\/bonnes-adresses-autour-de-nous\\\/\",\"url\":\"https:\\\/\\\/www.foretadrenaline.com\\\/saint-pere\\\/bonnes-adresses-autour-de-nous\\\/\",\"name\":\"Bonnes adresses autour du parc - For\u00eat Adr\u00e9naline - Saint-P\u00e8re\",\"isPartOf\":{\"@id\":\"https:\\\/\\\/www.foretadrenaline.com\\\/saint-pere\\\/#website\"},\"primaryImageOfPage\":{\"@id\":\"https:\\\/\\\/www.foretadrenaline.com\\\/saint-pere\\\/bonnes-adresses-autour-de-nous\\\/#primaryimage\"},\"image\":{\"@id\":\"https:\\\/\\\/www.foretadrenaline.com\\\/saint-pere\\\/bonnes-adresses-autour-de-nous\\\/#primaryimage\"},\"thumbnailUrl\":\"https:\\\/\\\/www.foretadrenaline.com\\\/saint-pere\\\/wp-content\\\/uploads\\\/sites\\\/4\\\/2019\\\/06\\\/\u00a9JC-Bourniche.jpg\",\"datePublished\":\"2019-10-30T09:11:58+00:00\",\"dateModified\":\"2026-02-18T13:49:46+00:00\",\"description\":\"Toutes les bonnes adresses du Capitaines : O\u00f9 se restaurer ? D\u00e9couvrir les produits r\u00e9gionaux! Arpenter la C\u00f4te d\u2019\u00c9meraude.\",\"breadcrumb\":{\"@id\":\"https:\\\/\\\/www.foretadrenaline.com\\\/saint-pere\\\/bonnes-adresses-autour-de-nous\\\/#breadcrumb\"},\"inLanguage\":\"fr-FR\",\"potentialAction\":[{\"@type\":\"ReadAction\",\"target\":[\"https:\\\/\\\/www.foretadrenaline.com\\\/saint-pere\\\/bonnes-adresses-autour-de-nous\\\/\"]}]},{\"@type\":\"ImageObject\",\"inLanguage\":\"fr-FR\",\"@id\":\"https:\\\/\\\/www.foretadrenaline.com\\\/saint-pere\\\/bonnes-adresses-autour-de-nous\\\/#primaryimage\",\"url\":\"https:\\\/\\\/www.foretadrenaline.com\\\/saint-pere\\\/wp-content\\\/uploads\\\/sites\\\/4\\\/2019\\\/06\\\/\u00a9JC-Bourniche.jpg\",\"contentUrl\":\"https:\\\/\\\/www.foretadrenaline.com\\\/saint-pere\\\/wp-content\\\/uploads\\\/sites\\\/4\\\/2019\\\/06\\\/\u00a9JC-Bourniche.jpg\",\"width\":1200,\"height\":750,\"caption\":\"\u00a9JC-Bourniche\"},{\"@type\":\"BreadcrumbList\",\"@id\":\"https:\\\/\\\/www.foretadrenaline.com\\\/saint-pere\\\/bonnes-adresses-autour-de-nous\\\/#breadcrumb\",\"itemListElement\":[{\"@type\":\"ListItem\",\"position\":1,\"name\":\"Accueil\",\"item\":\"https:\\\/\\\/www.foretadrenaline.com\\\/saint-pere\\\/\"},{\"@type\":\"ListItem\",\"position\":2,\"name\":\"Bonnes adresses autour du parc\"}]},{\"@type\":\"WebSite\",\"@id\":\"https:\\\/\\\/www.foretadrenaline.com\\\/saint-pere\\\/#website\",\"url\":\"https:\\\/\\\/www.foretadrenaline.com\\\/saint-pere\\\/\",\"name\":\"For\u00eat Adr\u00e9naline - Saint-P\u00e8re\",\"description\":\"Un site utilisant For\u00eat Adr\u00e9naline\",\"potentialAction\":[{\"@type\":\"SearchAction\",\"target\":{\"@type\":\"EntryPoint\",\"urlTemplate\":\"https:\\\/\\\/www.foretadrenaline.com\\\/saint-pere\\\/?s={search_term_string}\"},\"query-input\":{\"@type\":\"PropertyValueSpecification\",\"valueRequired\":true,\"valueName\":\"search_term_string\"}}],\"inLanguage\":\"fr-FR\"}]}<\/script>\n<!-- \/ Yoast SEO plugin. -->","yoast_head_json":{"title":"Bonnes adresses autour du parc - For\u00eat Adr\u00e9naline - Saint-P\u00e8re","description":"Toutes les bonnes adresses du Capitaines : O\u00f9 se restaurer ? D\u00e9couvrir les produits r\u00e9gionaux! Arpenter la C\u00f4te d\u2019\u00c9meraude.","robots":{"index":"index","follow":"follow","max-snippet":"max-snippet:-1","max-image-preview":"max-image-preview:large","max-video-preview":"max-video-preview:-1"},"canonical":"https:\/\/www.foretadrenaline.com\/saint-pere\/bonnes-adresses-autour-de-nous\/","og_locale":"fr_FR","og_type":"article","og_title":"Bonnes adresses autour du parc - For\u00eat Adr\u00e9naline - Saint-P\u00e8re","og_description":"Toutes les bonnes adresses du Capitaines : O\u00f9 se restaurer ? D\u00e9couvrir les produits r\u00e9gionaux! Arpenter la C\u00f4te d\u2019\u00c9meraude.","og_url":"https:\/\/www.foretadrenaline.com\/saint-pere\/bonnes-adresses-autour-de-nous\/","og_site_name":"For\u00eat Adr\u00e9naline - Saint-P\u00e8re","article_modified_time":"2026-02-18T13:49:46+00:00","og_image":[{"width":1200,"height":750,"url":"https:\/\/www.foretadrenaline.com\/saint-pere\/wp-content\/uploads\/sites\/4\/2019\/06\/\u00a9JC-Bourniche.jpg","type":"image\/jpeg"}],"twitter_card":"summary_large_image","twitter_misc":{"Dur\u00e9e de lecture estim\u00e9e":"5 minutes"},"schema":{"@context":"https:\/\/schema.org","@graph":[{"@type":"WebPage","@id":"https:\/\/www.foretadrenaline.com\/saint-pere\/bonnes-adresses-autour-de-nous\/","url":"https:\/\/www.foretadrenaline.com\/saint-pere\/bonnes-adresses-autour-de-nous\/","name":"Bonnes adresses autour du parc - For\u00eat Adr\u00e9naline - Saint-P\u00e8re","isPartOf":{"@id":"https:\/\/www.foretadrenaline.com\/saint-pere\/#website"},"primaryImageOfPage":{"@id":"https:\/\/www.foretadrenaline.com\/saint-pere\/bonnes-adresses-autour-de-nous\/#primaryimage"},"image":{"@id":"https:\/\/www.foretadrenaline.com\/saint-pere\/bonnes-adresses-autour-de-nous\/#primaryimage"},"thumbnailUrl":"https:\/\/www.foretadrenaline.com\/saint-pere\/wp-content\/uploads\/sites\/4\/2019\/06\/\u00a9JC-Bourniche.jpg","datePublished":"2019-10-30T09:11:58+00:00","dateModified":"2026-02-18T13:49:46+00:00","description":"Toutes les bonnes adresses du Capitaines : O\u00f9 se restaurer ? D\u00e9couvrir les produits r\u00e9gionaux! Arpenter la C\u00f4te d\u2019\u00c9meraude.","breadcrumb":{"@id":"https:\/\/www.foretadrenaline.com\/saint-pere\/bonnes-adresses-autour-de-nous\/#breadcrumb"},"inLanguage":"fr-FR","potentialAction":[{"@type":"ReadAction","target":["https:\/\/www.foretadrenaline.com\/saint-pere\/bonnes-adresses-autour-de-nous\/"]}]},{"@type":"ImageObject","inLanguage":"fr-FR","@id":"https:\/\/www.foretadrenaline.com\/saint-pere\/bonnes-adresses-autour-de-nous\/#primaryimage","url":"https:\/\/www.foretadrenaline.com\/saint-pere\/wp-content\/uploads\/sites\/4\/2019\/06\/\u00a9JC-Bourniche.jpg","contentUrl":"https:\/\/www.foretadrenaline.com\/saint-pere\/wp-content\/uploads\/sites\/4\/2019\/06\/\u00a9JC-Bourniche.jpg","width":1200,"height":750,"caption":"\u00a9JC-Bourniche"},{"@type":"BreadcrumbList","@id":"https:\/\/www.foretadrenaline.com\/saint-pere\/bonnes-adresses-autour-de-nous\/#breadcrumb","itemListElement":[{"@type":"ListItem","position":1,"name":"Accueil","item":"https:\/\/www.foretadrenaline.com\/saint-pere\/"},{"@type":"ListItem","position":2,"name":"Bonnes adresses autour du parc"}]},{"@type":"WebSite","@id":"https:\/\/www.foretadrenaline.com\/saint-pere\/#website","url":"https:\/\/www.foretadrenaline.com\/saint-pere\/","name":"For\u00eat Adr\u00e9naline - Saint-P\u00e8re","description":"Un site utilisant For\u00eat Adr\u00e9naline","potentialAction":[{"@type":"SearchAction","target":{"@type":"EntryPoint","urlTemplate":"https:\/\/www.foretadrenaline.com\/saint-pere\/?s={search_term_string}"},"query-input":{"@type":"PropertyValueSpecification","valueRequired":true,"valueName":"search_term_string"}}],"inLanguage":"fr-FR"}]}},"_links":{"self":[{"href":"https:\/\/www.foretadrenaline.com\/saint-pere\/wp-json\/wp\/v2\/pages\/1713","targetHints":{"allow":["GET"]}}],"collection":[{"href":"https:\/\/www.foretadrenaline.com\/saint-pere\/wp-json\/wp\/v2\/pages"}],"about":[{"href":"https:\/\/www.foretadrenaline.com\/saint-pere\/wp-json\/wp\/v2\/types\/page"}],"author":[{"embeddable":true,"href":"https:\/\/www.foretadrenaline.com\/saint-pere\/wp-json\/wp\/v2\/users\/2"}],"replies":[{"embeddable":true,"href":"https:\/\/www.foretadrenaline.com\/saint-pere\/wp-json\/wp\/v2\/comments?post=1713"}],"version-history":[{"count":20,"href":"https:\/\/www.foretadrenaline.com\/saint-pere\/wp-json\/wp\/v2\/pages\/1713\/revisions"}],"predecessor-version":[{"id":6692,"href":"https:\/\/www.foretadrenaline.com\/saint-pere\/wp-json\/wp\/v2\/pages\/1713\/revisions\/6692"}],"wp:featuredmedia":[{"embeddable":true,"href":"https:\/\/www.foretadrenaline.com\/saint-pere\/wp-json\/wp\/v2\/media\/943"}],"wp:attachment":[{"href":"https:\/\/www.foretadrenaline.com\/saint-pere\/wp-json\/wp\/v2\/media?parent=1713"}],"curies":[{"name":"wp","href":"https:\/\/api.w.org\/{rel}","templated":true}]}}