{"id":178,"date":"2026-04-10T15:38:18","date_gmt":"2026-04-10T13:38:18","guid":{"rendered":"https:\/\/www.foretadrenaline.com\/vannes\/?page_id=178"},"modified":"2026-04-29T16:57:50","modified_gmt":"2026-04-29T14:57:50","slug":"horaires-douverture-trampoforestpark-vannes","status":"publish","type":"page","link":"https:\/\/www.foretadrenaline.com\/vannes\/horaires-douverture-trampoforestpark-vannes\/","title":{"rendered":"Horaires d&rsquo;ouverture &#8211; Tramp\u00d4forestpark Vannes"},"content":{"rendered":"\n<p>Horaires d&rsquo;ouverture &#8211; Tramp\u00d4forestpark Vannes: D\u00e9couvrez ci-dessous notre calendrier d&rsquo;ouverture 2026 ainsi que plus de pr\u00e9cisions sur les horaires, p\u00e9riodes d&rsquo;ouverture, jours sp\u00e9ciaux &amp; \u00e9v\u00e9nements.<br><br><strong><em>Les horaires d&rsquo;ouverture sont modifiables en cas de m\u00e9t\u00e9o d\u00e9favorable. <\/em><\/strong><em>Ces informations seront communiqu\u00e9es sur la page d&rsquo;accueil du site et nos r\u00e9seaux sociaux<\/em>. <em>Nous appelons \u00e9galement toutes les personnes qui ont r\u00e9serv\u00e9 pour les informer d&rsquo;\u00e9ventuels changements. <\/em><br><em><strong>Si il y a une forte affluence, nous pouvons ouvrir des d\u00e9parts suppl\u00e9mentaires<\/strong> <strong>en fin de journ\u00e9e<\/strong> et fermer le parc plus tard.<\/em><\/p>\n\n\n\n<h3 class=\"wp-block-heading\">Horaires hors vacances scolaires <\/h3>\n\n\n\n<p class=\"has-text-align-center\">Le parc est ouvert tous les <strong>mercredis apr\u00e8s midis<\/strong> de 13h \u00e0 18h , le <strong>week ends et jours f\u00e9ri\u00e9s<\/strong> de 10h30 \u00e0 19h <br><br><strong>Le parc est ouvert les jours f\u00e9ri\u00e9s<\/strong><br>&#8211; Vendredi 1er Mai <br>&#8211; Vendredi 8 Mai <br>-Pont de l&rsquo;ascension : mercredi 13 au dimanche 17 Mai<br>-Lundi 25 Mai <br>-Mardi 14 Juillet <br>-Samedi 15 Aout <br>-Dimanche 1er Novembre<\/p>\n\n\n\n<h3 class=\"wp-block-heading\">Horaires en p\u00e9riode de vacances scolaires (zone B) <\/h3>\n\n\n\n<p>Le parc est ouvert tous les jours pendant les vacances scolaires de la Zone B <br>-Vacances de P\u00e2ques : du 11 Avril au 26 Avril 2026 <br>-Vacances d&rsquo;\u00e9t\u00e9 : du 4 Juillet au 31 Aout <br>-Vacances de la Toussaint : du 17 Octobre au 1er Novembre <br>-Vacances de Noel : FERME<br>&#8211; Vacances d&rsquo;hiver 2027 : Du 20 F\u00e9vrier au 7 Mars 2027<\/p>\n","protected":false},"excerpt":{"rendered":"<p>Horaires d&rsquo;ouverture &#8211; Tramp\u00d4forestpark Vannes: D\u00e9couvrez ci-dessous notre calendrier d&rsquo;ouverture 2026 ainsi que plus de pr\u00e9cisions sur les horaires, p\u00e9riodes d&rsquo;ouverture, jours sp\u00e9ciaux &amp; \u00e9v\u00e9nements. Les horaires d&rsquo;ouverture sont modifiables en cas de m\u00e9t\u00e9o d\u00e9favorable. Ces informations seront communiqu\u00e9es sur la page d&rsquo;accueil du site et nos r\u00e9seaux sociaux. Nous appelons \u00e9galement toutes les personnes&hellip;<\/p>\n","protected":false},"author":2,"featured_media":0,"parent":0,"menu_order":0,"comment_status":"closed","ping_status":"closed","template":"","meta":{"_acf_changed":false,"footnotes":""},"class_list":["post-178","page","type-page","status-publish","hentry"],"acf":[],"yoast_head":"<!-- This site is optimized with the Yoast SEO plugin v27.5 - https:\/\/yoast.com\/product\/yoast-seo-wordpress\/ -->\n<title>Horaires d&#039;ouverture - Tramp\u00d4forestpark Vannes<\/title>\n<meta name=\"description\" content=\"Horaires d&#039;ouverture - Tramp\u00d4forestpark Vannes : Le parc est ouvert les mercredis apr\u00e8s midis, le week end, jours f\u00e9ri\u00e9s et pendant les vacances scolaires\" \/>\n<meta name=\"robots\" content=\"index, follow, max-snippet:-1, max-image-preview:large, max-video-preview:-1\" \/>\n<link rel=\"canonical\" href=\"https:\/\/www.foretadrenaline.com\/vannes\/horaires-douverture-trampoforestpark-vannes\/\" \/>\n<meta property=\"og:locale\" content=\"fr_FR\" \/>\n<meta property=\"og:type\" content=\"article\" \/>\n<meta property=\"og:title\" content=\"Horaires d&#039;ouverture - Tramp\u00d4forestpark Vannes\" \/>\n<meta property=\"og:description\" content=\"Horaires d&#039;ouverture - Tramp\u00d4forestpark Vannes : Le parc est ouvert les mercredis apr\u00e8s midis, le week end, jours f\u00e9ri\u00e9s et pendant les vacances scolaires\" \/>\n<meta property=\"og:url\" content=\"https:\/\/www.foretadrenaline.com\/vannes\/horaires-douverture-trampoforestpark-vannes\/\" \/>\n<meta property=\"og:site_name\" content=\"For\u00eat Adr\u00e9naline - Vannes\" \/>\n<meta property=\"article:modified_time\" content=\"2026-04-29T14:57:50+00:00\" \/>\n<meta name=\"twitter:card\" content=\"summary_large_image\" \/>\n<meta name=\"twitter:label1\" content=\"Dur\u00e9e de lecture estim\u00e9e\" \/>\n\t<meta name=\"twitter:data1\" content=\"2 minutes\" \/>\n<script type=\"application\/ld+json\" class=\"yoast-schema-graph\">{\"@context\":\"https:\\\/\\\/schema.org\",\"@graph\":[{\"@type\":\"WebPage\",\"@id\":\"https:\\\/\\\/www.foretadrenaline.com\\\/vannes\\\/horaires-douverture-trampoforestpark-vannes\\\/\",\"url\":\"https:\\\/\\\/www.foretadrenaline.com\\\/vannes\\\/horaires-douverture-trampoforestpark-vannes\\\/\",\"name\":\"Horaires d'ouverture - Tramp\u00d4forestpark Vannes\",\"isPartOf\":{\"@id\":\"https:\\\/\\\/www.foretadrenaline.com\\\/vannes\\\/#website\"},\"datePublished\":\"2026-04-10T13:38:18+00:00\",\"dateModified\":\"2026-04-29T14:57:50+00:00\",\"description\":\"Horaires d'ouverture - Tramp\u00d4forestpark Vannes : Le parc est ouvert les mercredis apr\u00e8s midis, le week end, jours f\u00e9ri\u00e9s et pendant les vacances scolaires\",\"breadcrumb\":{\"@id\":\"https:\\\/\\\/www.foretadrenaline.com\\\/vannes\\\/horaires-douverture-trampoforestpark-vannes\\\/#breadcrumb\"},\"inLanguage\":\"fr-FR\",\"potentialAction\":[{\"@type\":\"ReadAction\",\"target\":[\"https:\\\/\\\/www.foretadrenaline.com\\\/vannes\\\/horaires-douverture-trampoforestpark-vannes\\\/\"]}]},{\"@type\":\"BreadcrumbList\",\"@id\":\"https:\\\/\\\/www.foretadrenaline.com\\\/vannes\\\/horaires-douverture-trampoforestpark-vannes\\\/#breadcrumb\",\"itemListElement\":[{\"@type\":\"ListItem\",\"position\":1,\"name\":\"Accueil\",\"item\":\"https:\\\/\\\/www.foretadrenaline.com\\\/vannes\\\/\"},{\"@type\":\"ListItem\",\"position\":2,\"name\":\"Horaires d&rsquo;ouverture &#8211; Tramp\u00d4forestpark Vannes\"}]},{\"@type\":\"WebSite\",\"@id\":\"https:\\\/\\\/www.foretadrenaline.com\\\/vannes\\\/#website\",\"url\":\"https:\\\/\\\/www.foretadrenaline.com\\\/vannes\\\/\",\"name\":\"For\u00eat Adr\u00e9naline - Vannes\",\"description\":\"\",\"potentialAction\":[{\"@type\":\"SearchAction\",\"target\":{\"@type\":\"EntryPoint\",\"urlTemplate\":\"https:\\\/\\\/www.foretadrenaline.com\\\/vannes\\\/?s={search_term_string}\"},\"query-input\":{\"@type\":\"PropertyValueSpecification\",\"valueRequired\":true,\"valueName\":\"search_term_string\"}}],\"inLanguage\":\"fr-FR\"}]}<\/script>\n<!-- \/ Yoast SEO plugin. -->","yoast_head_json":{"title":"Horaires d'ouverture - Tramp\u00d4forestpark Vannes","description":"Horaires d'ouverture - Tramp\u00d4forestpark Vannes : Le parc est ouvert les mercredis apr\u00e8s midis, le week end, jours f\u00e9ri\u00e9s et pendant les vacances scolaires","robots":{"index":"index","follow":"follow","max-snippet":"max-snippet:-1","max-image-preview":"max-image-preview:large","max-video-preview":"max-video-preview:-1"},"canonical":"https:\/\/www.foretadrenaline.com\/vannes\/horaires-douverture-trampoforestpark-vannes\/","og_locale":"fr_FR","og_type":"article","og_title":"Horaires d'ouverture - Tramp\u00d4forestpark Vannes","og_description":"Horaires d'ouverture - Tramp\u00d4forestpark Vannes : Le parc est ouvert les mercredis apr\u00e8s midis, le week end, jours f\u00e9ri\u00e9s et pendant les vacances scolaires","og_url":"https:\/\/www.foretadrenaline.com\/vannes\/horaires-douverture-trampoforestpark-vannes\/","og_site_name":"For\u00eat Adr\u00e9naline - Vannes","article_modified_time":"2026-04-29T14:57:50+00:00","twitter_card":"summary_large_image","twitter_misc":{"Dur\u00e9e de lecture estim\u00e9e":"2 minutes"},"schema":{"@context":"https:\/\/schema.org","@graph":[{"@type":"WebPage","@id":"https:\/\/www.foretadrenaline.com\/vannes\/horaires-douverture-trampoforestpark-vannes\/","url":"https:\/\/www.foretadrenaline.com\/vannes\/horaires-douverture-trampoforestpark-vannes\/","name":"Horaires d'ouverture - Tramp\u00d4forestpark Vannes","isPartOf":{"@id":"https:\/\/www.foretadrenaline.com\/vannes\/#website"},"datePublished":"2026-04-10T13:38:18+00:00","dateModified":"2026-04-29T14:57:50+00:00","description":"Horaires d'ouverture - Tramp\u00d4forestpark Vannes : Le parc est ouvert les mercredis apr\u00e8s midis, le week end, jours f\u00e9ri\u00e9s et pendant les vacances scolaires","breadcrumb":{"@id":"https:\/\/www.foretadrenaline.com\/vannes\/horaires-douverture-trampoforestpark-vannes\/#breadcrumb"},"inLanguage":"fr-FR","potentialAction":[{"@type":"ReadAction","target":["https:\/\/www.foretadrenaline.com\/vannes\/horaires-douverture-trampoforestpark-vannes\/"]}]},{"@type":"BreadcrumbList","@id":"https:\/\/www.foretadrenaline.com\/vannes\/horaires-douverture-trampoforestpark-vannes\/#breadcrumb","itemListElement":[{"@type":"ListItem","position":1,"name":"Accueil","item":"https:\/\/www.foretadrenaline.com\/vannes\/"},{"@type":"ListItem","position":2,"name":"Horaires d&rsquo;ouverture &#8211; Tramp\u00d4forestpark Vannes"}]},{"@type":"WebSite","@id":"https:\/\/www.foretadrenaline.com\/vannes\/#website","url":"https:\/\/www.foretadrenaline.com\/vannes\/","name":"For\u00eat Adr\u00e9naline - Vannes","description":"","potentialAction":[{"@type":"SearchAction","target":{"@type":"EntryPoint","urlTemplate":"https:\/\/www.foretadrenaline.com\/vannes\/?s={search_term_string}"},"query-input":{"@type":"PropertyValueSpecification","valueRequired":true,"valueName":"search_term_string"}}],"inLanguage":"fr-FR"}]}},"_links":{"self":[{"href":"https:\/\/www.foretadrenaline.com\/vannes\/wp-json\/wp\/v2\/pages\/178","targetHints":{"allow":["GET"]}}],"collection":[{"href":"https:\/\/www.foretadrenaline.com\/vannes\/wp-json\/wp\/v2\/pages"}],"about":[{"href":"https:\/\/www.foretadrenaline.com\/vannes\/wp-json\/wp\/v2\/types\/page"}],"author":[{"embeddable":true,"href":"https:\/\/www.foretadrenaline.com\/vannes\/wp-json\/wp\/v2\/users\/2"}],"replies":[{"embeddable":true,"href":"https:\/\/www.foretadrenaline.com\/vannes\/wp-json\/wp\/v2\/comments?post=178"}],"version-history":[{"count":3,"href":"https:\/\/www.foretadrenaline.com\/vannes\/wp-json\/wp\/v2\/pages\/178\/revisions"}],"predecessor-version":[{"id":356,"href":"https:\/\/www.foretadrenaline.com\/vannes\/wp-json\/wp\/v2\/pages\/178\/revisions\/356"}],"wp:attachment":[{"href":"https:\/\/www.foretadrenaline.com\/vannes\/wp-json\/wp\/v2\/media?parent=178"}],"curies":[{"name":"wp","href":"https:\/\/api.w.org\/{rel}","templated":true}]}}