{"id":202,"date":"2026-04-10T16:46:42","date_gmt":"2026-04-10T14:46:42","guid":{"rendered":"https:\/\/www.foretadrenaline.com\/vannes\/?page_id=202"},"modified":"2026-04-30T14:56:55","modified_gmt":"2026-04-30T12:56:55","slug":"trampoforestpark-vannes-preparer-sa-visite","status":"publish","type":"page","link":"https:\/\/www.foretadrenaline.com\/vannes\/trampoforestpark-vannes-preparer-sa-visite\/","title":{"rendered":"Pr\u00e9parer sa visite"},"content":{"rendered":"\n<h3 class=\"wp-block-heading has-text-align-center\"><strong>Une question pour pr\u00e9parer votre visite ? On a s\u00fbrement la r\u00e9ponse juste ici \ud83d\ude09<\/strong><\/h3>\n\n\n\n<div class=\"wp-block-columns is-layout-flex wp-container-core-columns-is-layout-9d6595d7 wp-block-columns-is-layout-flex\">\n<div class=\"wp-block-column is-layout-flow wp-block-column-is-layout-flow\">\n<div class=\"wp-block-group bloc-texte-icone is-nowrap is-layout-flex wp-container-core-group-is-layout-d653275e wp-block-group-is-layout-flex\">\n<div class=\"wp-block-group bloc-texte-icone-img has-white-background-color has-background\"><div class=\"wp-block-group__inner-container is-layout-constrained wp-block-group-is-layout-constrained\">\n<figure class=\"wp-block-image size-full\"><img decoding=\"async\" src=\"https:\/\/www.foretadrenaline.com\/carnac\/wp-content\/uploads\/sites\/2\/2026\/03\/car_icon_126245-e1774005106332.png\" alt=\"\" class=\"wp-image-9174\" style=\"object-fit:cover\" \/><\/figure>\n<\/div><\/div>\n\n\n\n<div class=\"wp-block-group bloc-texte-icone-contenu is-vertical is-layout-flex wp-container-core-group-is-layout-8cf370e7 wp-block-group-is-layout-flex\">\n<p class=\"bloc-texte-icone\"><strong>Comment venir ?<\/strong><\/p>\n\n\n\n<p>Situ\u00e9 \u00e0 quelques minutes du centre ville de Vannes.<br>Attention : Parking \u00e0 D\u00e9cathlon<\/p>\n\n\n\n<div class=\"wp-block-buttons is-content-justification-center is-layout-flex wp-container-core-buttons-is-layout-16018d1d wp-block-buttons-is-layout-flex\">\n<div class=\"wp-block-button has-custom-width wp-block-button__width-100\"><a class=\"wp-block-button__link has-main-color has-yellow-light-background-color has-text-color has-background has-link-color has-small-font-size has-custom-font-size wp-element-button\" href=\"https:\/\/www.foretadrenaline.com\/vannes\/ou-nous-trouver-trampoforestpark-vannes\/\" target=\"_blank\" rel=\"noreferrer noopener\">O\u00f9 nous trouver<\/a><\/div>\n<\/div>\n<\/div>\n<\/div>\n<\/div>\n\n\n\n<div class=\"wp-block-column is-layout-flow wp-block-column-is-layout-flow\">\n<div class=\"wp-block-group bloc-texte-icone bloc-texte-icone-droite is-nowrap is-layout-flex wp-container-core-group-is-layout-d653275e wp-block-group-is-layout-flex\">\n<div class=\"wp-block-group bloc-texte-icone-img has-white-background-color has-background\"><div class=\"wp-block-group__inner-container is-layout-constrained wp-block-group-is-layout-constrained\">\n<figure class=\"wp-block-image size-full\"><img decoding=\"async\" src=\"https:\/\/www.foretadrenaline.com\/carnac\/wp-content\/uploads\/sites\/2\/2026\/03\/icon_tyrolienne.png\" alt=\"\" class=\"wp-image-9153\" style=\"object-fit:cover\" \/><\/figure>\n<\/div><\/div>\n\n\n\n<div class=\"wp-block-group bloc-texte-icone-contenu is-vertical is-layout-flex wp-container-core-group-is-layout-8cf370e7 wp-block-group-is-layout-flex\">\n<p class=\"bloc-texte-icone\"><strong>Conseil de s\u00e9curit\u00e9<\/strong><\/p>\n\n\n\n<p>Votre s\u00e9curit\u00e9 est notre priorit\u00e9.<br>Profitez, on s\u2019occupe du reste.<\/p>\n\n\n\n<div class=\"wp-block-buttons is-layout-flex wp-block-buttons-is-layout-flex\">\n<div class=\"wp-block-button\"><a class=\"wp-block-button__link has-main-color has-yellow-light-background-color has-text-color has-background has-link-color has-small-font-size has-custom-font-size wp-element-button\" href=\"https:\/\/www.foretadrenaline.com\/vannes\/la-securite\/\" target=\"_blank\" rel=\"noreferrer noopener\">En savoir plus<\/a><\/div>\n<\/div>\n<\/div>\n<\/div>\n<\/div>\n<\/div>\n\n\n\n<div class=\"wp-block-columns is-layout-flex wp-container-core-columns-is-layout-9d6595d7 wp-block-columns-is-layout-flex\">\n<div class=\"wp-block-column is-layout-flow wp-block-column-is-layout-flow\">\n<div class=\"wp-block-group bloc-texte-icone is-nowrap is-layout-flex wp-container-core-group-is-layout-d653275e wp-block-group-is-layout-flex\">\n<div class=\"wp-block-group bloc-texte-icone-img has-white-background-color has-background\"><div class=\"wp-block-group__inner-container is-layout-constrained wp-block-group-is-layout-constrained\">\n<figure class=\"wp-block-image size-full\"><img decoding=\"async\" src=\"https:\/\/www.foretadrenaline.com\/carnac\/wp-content\/uploads\/sites\/2\/2026\/03\/3289564-crippled-person-disabled-person-handicapped-person-hospital-wounded-person_107106.png\" alt=\"\" class=\"wp-image-9623\" style=\"object-fit:cover\" \/><\/figure>\n<\/div><\/div>\n\n\n\n<div class=\"wp-block-group bloc-texte-icone-contenu is-vertical is-layout-flex wp-container-core-group-is-layout-8cf370e7 wp-block-group-is-layout-flex\">\n<p class=\"bloc-texte-icone\"><strong>Accessibilit\u00e9 PMR<\/strong><\/p>\n\n\n\n<p>Contactez nous pour pr\u00e9parer au mieux votre venue.<\/p>\n\n\n\n<div class=\"wp-block-buttons is-layout-flex wp-block-buttons-is-layout-flex\">\n<div class=\"wp-block-button\"><a class=\"wp-block-button__link has-main-color has-yellow-light-background-color has-text-color has-background has-link-color has-small-font-size has-custom-font-size wp-element-button\" href=\"https:\/\/www.foretadrenaline.com\/vannes\/accessibilite-handicapes\/\" target=\"_blank\" rel=\"noreferrer noopener\">En savoir plus<\/a><\/div>\n<\/div>\n<\/div>\n<\/div>\n<\/div>\n\n\n\n<div class=\"wp-block-column is-layout-flow wp-block-column-is-layout-flow\">\n<div class=\"wp-block-group bloc-texte-icone bloc-texte-icone-droite is-nowrap is-layout-flex wp-container-core-group-is-layout-d653275e wp-block-group-is-layout-flex\">\n<div class=\"wp-block-group bloc-texte-icone-img has-white-background-color has-background\"><div class=\"wp-block-group__inner-container is-layout-constrained wp-block-group-is-layout-constrained\">\n<figure class=\"wp-block-image size-full\"><img decoding=\"async\" src=\"https:\/\/www.foretadrenaline.com\/carnac\/wp-content\/uploads\/sites\/2\/2026\/03\/sales_deals_discounts_promotions_coupons_icon_260990-e1774258098749.png\" alt=\"\" class=\"wp-image-9334\" style=\"object-fit:cover\" \/><\/figure>\n<\/div><\/div>\n\n\n\n<div class=\"wp-block-group bloc-texte-icone-contenu is-vertical is-layout-flex wp-container-core-group-is-layout-8cf370e7 wp-block-group-is-layout-flex\">\n<p class=\"bloc-texte-icone\"><strong>Les r\u00e9ductions <\/strong><\/p>\n\n\n\n<p>Consultez les r\u00e9ductions pour une journ\u00e9e sans stress.<\/p>\n\n\n\n<div class=\"wp-block-buttons is-layout-flex wp-block-buttons-is-layout-flex\">\n<div class=\"wp-block-button\"><a class=\"wp-block-button__link has-main-color has-yellow-light-background-color has-text-color has-background has-link-color has-small-font-size has-custom-font-size wp-element-button\" href=\"https:\/\/www.foretadrenaline.com\/vannes\/reductions-et-informations-pratiques\/\" target=\"_blank\" rel=\"noreferrer noopener\">En savoir plus<\/a><\/div>\n<\/div>\n<\/div>\n<\/div>\n<\/div>\n<\/div>\n\n\n\n<div class=\"wp-block-columns is-layout-flex wp-container-core-columns-is-layout-9d6595d7 wp-block-columns-is-layout-flex\">\n<div class=\"wp-block-column is-layout-flow wp-block-column-is-layout-flow\">\n<div class=\"wp-block-group bloc-texte-icone is-nowrap is-layout-flex wp-container-core-group-is-layout-d653275e wp-block-group-is-layout-flex\">\n<div class=\"wp-block-group bloc-texte-icone-img has-white-background-color has-background\"><div class=\"wp-block-group__inner-container is-layout-constrained wp-block-group-is-layout-constrained\">\n<figure class=\"wp-block-image size-full\"><img decoding=\"async\" src=\"https:\/\/www.foretadrenaline.com\/carnac\/wp-content\/uploads\/sites\/2\/2026\/03\/appointment_meeting_schedule_arrangement_booking_icon_262931-e1774537598259.png\" alt=\"\" class=\"wp-image-9610\" style=\"object-fit:cover\" \/><\/figure>\n<\/div><\/div>\n\n\n\n<div class=\"wp-block-group bloc-texte-icone-contenu is-vertical is-layout-flex wp-container-core-group-is-layout-8cf370e7 wp-block-group-is-layout-flex\">\n<p class=\"bloc-texte-icone\"><strong>Horaires d&rsquo;ouvertures<\/strong><\/p>\n\n\n\n<p>On vous attend ! Jetez un \u0153il \u00e0 nos horaires avant de venir \ud83d\ude09<\/p>\n\n\n\n<div class=\"wp-block-buttons is-layout-flex wp-block-buttons-is-layout-flex\">\n<div class=\"wp-block-button\"><a class=\"wp-block-button__link has-main-color has-yellow-light-background-color has-text-color has-background has-link-color has-small-font-size has-custom-font-size wp-element-button\" href=\"https:\/\/www.foretadrenaline.com\/vannes\/horaires-douverture-trampoforestpark-vannes\/\" target=\"_blank\" rel=\"noreferrer noopener\">En savoir plus<\/a><\/div>\n<\/div>\n<\/div>\n<\/div>\n<\/div>\n\n\n\n<div class=\"wp-block-column is-layout-flow wp-block-column-is-layout-flow\">\n<div class=\"wp-block-group bloc-texte-icone bloc-texte-icone-droite is-nowrap is-layout-flex wp-container-core-group-is-layout-d653275e wp-block-group-is-layout-flex\">\n<div class=\"wp-block-group bloc-texte-icone-img has-white-background-color has-background\"><div class=\"wp-block-group__inner-container is-layout-constrained wp-block-group-is-layout-constrained\">\n<figure class=\"wp-block-image size-full\"><img decoding=\"async\" src=\"https:\/\/www.foretadrenaline.com\/carnac\/wp-content\/uploads\/sites\/2\/2026\/03\/3289560-babies-baby-family-kid-people-person_107104-e1774258861378.png\" alt=\"\" class=\"wp-image-9339\" style=\"object-fit:cover\" \/><\/figure>\n<\/div><\/div>\n\n\n\n<div class=\"wp-block-group bloc-texte-icone-contenu is-vertical is-layout-flex wp-container-core-group-is-layout-8cf370e7 wp-block-group-is-layout-flex\">\n<p class=\"bloc-texte-icone\"><strong>Infos importantes \u00e0 connaitre<\/strong><\/p>\n\n\n\n<p>Afin de pr\u00e9parer au mieux votre venue, consultez ici toutes les infos<\/p>\n\n\n\n<div class=\"wp-block-buttons is-layout-flex wp-block-buttons-is-layout-flex\">\n<div class=\"wp-block-button\"><a class=\"wp-block-button__link has-main-color has-yellow-light-background-color has-text-color has-background has-link-color has-small-font-size has-custom-font-size wp-element-button\" href=\"https:\/\/www.foretadrenaline.com\/vannes\/preparer-sa-venue-trampoforest-park-vannes\/\" target=\"_blank\" rel=\"noreferrer noopener\">En savoir plus<\/a><\/div>\n<\/div>\n<\/div>\n<\/div>\n<\/div>\n<\/div>\n\n\n\n<div class=\"wp-block-columns is-layout-flex wp-container-core-columns-is-layout-9d6595d7 wp-block-columns-is-layout-flex\">\n<div class=\"wp-block-column is-layout-flow wp-block-column-is-layout-flow\">\n<div class=\"wp-block-group bloc-texte-icone is-nowrap is-layout-flex wp-container-core-group-is-layout-d653275e wp-block-group-is-layout-flex\">\n<div class=\"wp-block-group bloc-texte-icone-img has-white-background-color has-background\"><div class=\"wp-block-group__inner-container is-layout-constrained wp-block-group-is-layout-constrained\">\n<figure class=\"wp-block-image size-full\"><img decoding=\"async\" src=\"https:\/\/www.foretadrenaline.com\/carnac\/wp-content\/uploads\/sites\/2\/2026\/03\/appointment_meeting_schedule_arrangement_booking_icon_262931-e1774537598259.png\" alt=\"\" class=\"wp-image-9610\" style=\"object-fit:cover\" \/><\/figure>\n<\/div><\/div>\n\n\n\n<div class=\"wp-block-group bloc-texte-icone-contenu is-vertical is-layout-flex wp-container-core-group-is-layout-8cf370e7 wp-block-group-is-layout-flex\">\n<p class=\"bloc-texte-icone\"><strong>Les \u00e9v\u00e9nements 2026<\/strong><\/p>\n\n\n\n<p>Ne manquez pas tous nos \u00e9v\u00e9nements de l&rsquo;ann\u00e9e: concerts, halloween, nocturnes&#8230;<\/p>\n\n\n\n<div class=\"wp-block-buttons is-layout-flex wp-block-buttons-is-layout-flex\">\n<div class=\"wp-block-button\"><a class=\"wp-block-button__link has-main-color has-yellow-light-background-color has-text-color has-background has-link-color has-small-font-size has-custom-font-size wp-element-button\" href=\"https:\/\/www.foretadrenaline.com\/carnac\/programme-evenements-2026\/\" target=\"_blank\" rel=\"noreferrer noopener\">Bient\u00f4t disponible<\/a><\/div>\n<\/div>\n<\/div>\n<\/div>\n<\/div>\n\n\n\n<div class=\"wp-block-column is-layout-flow wp-block-column-is-layout-flow\">\n<div class=\"wp-block-group bloc-texte-icone bloc-texte-icone-droite is-nowrap is-layout-flex wp-container-core-group-is-layout-d653275e wp-block-group-is-layout-flex\">\n<div class=\"wp-block-group bloc-texte-icone-img has-white-background-color has-background\"><div class=\"wp-block-group__inner-container is-layout-constrained wp-block-group-is-layout-constrained\">\n<figure class=\"wp-block-image size-full\"><img decoding=\"async\" src=\"https:\/\/www.foretadrenaline.com\/carnac\/wp-content\/uploads\/sites\/2\/2026\/03\/sales_deals_discounts_promotions_coupons_icon_260990-e1774258098749.png\" alt=\"\" class=\"wp-image-9334\" style=\"object-fit:cover\" \/><\/figure>\n<\/div><\/div>\n\n\n\n<div class=\"wp-block-group bloc-texte-icone-contenu is-vertical is-layout-flex wp-container-core-group-is-layout-8cf370e7 wp-block-group-is-layout-flex\">\n<p class=\"bloc-texte-icone\"><strong>Actus &amp; bons plans du mois<\/strong><\/p>\n\n\n\n<p>Chaque mois des bons plans&#8230; ne les loupez pas!<\/p>\n\n\n\n<div class=\"wp-block-buttons is-layout-flex wp-block-buttons-is-layout-flex\">\n<div class=\"wp-block-button\"><a class=\"wp-block-button__link has-main-color has-yellow-light-background-color has-text-color has-background has-link-color has-small-font-size has-custom-font-size wp-element-button\" href=\"https:\/\/www.foretadrenaline.com\/carnac\/actus-et-bons-plans\/\" target=\"_blank\" rel=\"noreferrer noopener\">Bient\u00f4t disponible<\/a><\/div>\n<\/div>\n<\/div>\n<\/div>\n<\/div>\n<\/div>\n\n\n\n<div class=\"wp-block-group bloc-texte-icone is-nowrap is-layout-flex wp-container-core-group-is-layout-d653275e wp-block-group-is-layout-flex\">\n<div class=\"wp-block-group bloc-texte-icone-img has-nude-background-color has-background\"><div class=\"wp-block-group__inner-container is-layout-constrained wp-block-group-is-layout-constrained\">\n<figure class=\"wp-block-image size-full\"><img decoding=\"async\" src=\"https:\/\/www.foretadrenaline.com\/carnac\/wp-content\/uploads\/sites\/2\/2026\/03\/ChatGPT-Image-25-mars-2026-14_02_00.png\" alt=\"\" class=\"wp-image-9512\" style=\"object-fit:cover\" \/><\/figure>\n<\/div><\/div>\n\n\n\n<div class=\"wp-block-group bloc-texte-icone-contenu is-vertical is-layout-flex wp-container-core-group-is-layout-8cf370e7 wp-block-group-is-layout-flex\">\n<p class=\"bloc-texte-icone\"><strong>Portez des v\u00eatements sportifs !<\/strong><\/p>\n\n\n\n<p>Baskets obligatoires, et tenue adapt\u00e9e.<\/p>\n<\/div>\n<\/div>\n\n\n\n<div style=\"height:10px\" aria-hidden=\"true\" class=\"wp-block-spacer\"><\/div>\n\n\n\n<div class=\"wp-block-group bloc-texte-icone is-nowrap is-layout-flex wp-container-core-group-is-layout-d653275e wp-block-group-is-layout-flex\">\n<div class=\"wp-block-group bloc-texte-icone-img has-nude-background-color has-background\"><div class=\"wp-block-group__inner-container is-layout-constrained wp-block-group-is-layout-constrained\">\n<figure class=\"wp-block-image size-full is-resized\"><img decoding=\"async\" src=\"https:\/\/www.foretadrenaline.com\/carnac\/wp-content\/uploads\/sites\/2\/2026\/03\/water_pump_off_icon_138029-e1774009169971.png\" alt=\"\" class=\"wp-image-9192\" style=\"object-fit:cover;width:36px;height:auto\" \/><\/figure>\n<\/div><\/div>\n\n\n\n<div class=\"wp-block-group bloc-texte-icone-contenu is-vertical is-layout-flex wp-container-core-group-is-layout-8cf370e7 wp-block-group-is-layout-flex\">\n<p class=\"bloc-texte-icone\"><strong>Apportez de l\u2019eau<\/strong><\/p>\n\n\n\n<p>Nous ne disposons pas d\u2019eau potable au parc, seulement de l\u2019eau de pluie pour se laver les mains. Pensez \u00e0 prendre votre gourde d\u2019eau.<\/p>\n<\/div>\n<\/div>\n\n\n\n<div style=\"height:10px\" aria-hidden=\"true\" class=\"wp-block-spacer\"><\/div>\n\n\n\n<h3 class=\"wp-block-heading has-text-align-center\">Sinon, appelez nous\u2026 on a (presque) r\u00e9ponse \u00e0 tout \ud83d\ude04<\/h3>\n","protected":false},"excerpt":{"rendered":"<p>Une question pour pr\u00e9parer votre visite ? On a s\u00fbrement la r\u00e9ponse juste ici \ud83d\ude09 Comment venir ? Situ\u00e9 \u00e0 quelques minutes du centre ville de Vannes.Attention : Parking \u00e0 D\u00e9cathlon Conseil de s\u00e9curit\u00e9 Votre s\u00e9curit\u00e9 est notre priorit\u00e9.Profitez, on s\u2019occupe du reste. Accessibilit\u00e9 PMR Contactez nous pour pr\u00e9parer au mieux votre venue. Les r\u00e9ductions&hellip;<\/p>\n","protected":false},"author":2,"featured_media":0,"parent":0,"menu_order":0,"comment_status":"closed","ping_status":"closed","template":"","meta":{"_acf_changed":false,"footnotes":""},"class_list":["post-202","page","type-page","status-publish","hentry"],"acf":[],"yoast_head":"<!-- This site is optimized with the Yoast SEO plugin v27.5 - https:\/\/yoast.com\/product\/yoast-seo-wordpress\/ -->\n<title>Tramp\u00d4forestpark Vannes pr\u00e9parer sa visite<\/title>\n<meta name=\"description\" content=\"Tramp\u00d4forestpark Vannes pr\u00e9parer sa visite : toutes les informations \u00e0 connaitre pour passer une journ\u00e9e inoubliable!\" \/>\n<meta name=\"robots\" content=\"index, follow, max-snippet:-1, max-image-preview:large, max-video-preview:-1\" \/>\n<link rel=\"canonical\" href=\"https:\/\/www.foretadrenaline.com\/vannes\/trampoforestpark-vannes-preparer-sa-visite\/\" \/>\n<meta property=\"og:locale\" content=\"fr_FR\" \/>\n<meta property=\"og:type\" content=\"article\" \/>\n<meta property=\"og:title\" content=\"Tramp\u00d4forestpark Vannes pr\u00e9parer sa visite\" \/>\n<meta property=\"og:description\" content=\"Tramp\u00d4forestpark Vannes pr\u00e9parer sa visite : toutes les informations \u00e0 connaitre pour passer une journ\u00e9e inoubliable!\" \/>\n<meta property=\"og:url\" content=\"https:\/\/www.foretadrenaline.com\/vannes\/trampoforestpark-vannes-preparer-sa-visite\/\" \/>\n<meta property=\"og:site_name\" content=\"For\u00eat Adr\u00e9naline - Vannes\" \/>\n<meta property=\"article:modified_time\" content=\"2026-04-30T12:56:55+00:00\" \/>\n<meta name=\"twitter:card\" content=\"summary_large_image\" \/>\n<meta name=\"twitter:label1\" content=\"Dur\u00e9e de lecture estim\u00e9e\" \/>\n\t<meta name=\"twitter:data1\" content=\"3 minutes\" \/>\n<script type=\"application\/ld+json\" class=\"yoast-schema-graph\">{\"@context\":\"https:\\\/\\\/schema.org\",\"@graph\":[{\"@type\":\"WebPage\",\"@id\":\"https:\\\/\\\/www.foretadrenaline.com\\\/vannes\\\/trampoforestpark-vannes-preparer-sa-visite\\\/\",\"url\":\"https:\\\/\\\/www.foretadrenaline.com\\\/vannes\\\/trampoforestpark-vannes-preparer-sa-visite\\\/\",\"name\":\"Tramp\u00d4forestpark Vannes pr\u00e9parer sa visite\",\"isPartOf\":{\"@id\":\"https:\\\/\\\/www.foretadrenaline.com\\\/vannes\\\/#website\"},\"primaryImageOfPage\":{\"@id\":\"https:\\\/\\\/www.foretadrenaline.com\\\/vannes\\\/trampoforestpark-vannes-preparer-sa-visite\\\/#primaryimage\"},\"image\":{\"@id\":\"https:\\\/\\\/www.foretadrenaline.com\\\/vannes\\\/trampoforestpark-vannes-preparer-sa-visite\\\/#primaryimage\"},\"thumbnailUrl\":\"https:\\\/\\\/www.foretadrenaline.com\\\/carnac\\\/wp-content\\\/uploads\\\/sites\\\/2\\\/2026\\\/03\\\/car_icon_126245-e1774005106332.png\",\"datePublished\":\"2026-04-10T14:46:42+00:00\",\"dateModified\":\"2026-04-30T12:56:55+00:00\",\"description\":\"Tramp\u00d4forestpark Vannes pr\u00e9parer sa visite : toutes les informations \u00e0 connaitre pour passer une journ\u00e9e inoubliable!\",\"breadcrumb\":{\"@id\":\"https:\\\/\\\/www.foretadrenaline.com\\\/vannes\\\/trampoforestpark-vannes-preparer-sa-visite\\\/#breadcrumb\"},\"inLanguage\":\"fr-FR\",\"potentialAction\":[{\"@type\":\"ReadAction\",\"target\":[\"https:\\\/\\\/www.foretadrenaline.com\\\/vannes\\\/trampoforestpark-vannes-preparer-sa-visite\\\/\"]}]},{\"@type\":\"ImageObject\",\"inLanguage\":\"fr-FR\",\"@id\":\"https:\\\/\\\/www.foretadrenaline.com\\\/vannes\\\/trampoforestpark-vannes-preparer-sa-visite\\\/#primaryimage\",\"url\":\"https:\\\/\\\/www.foretadrenaline.com\\\/carnac\\\/wp-content\\\/uploads\\\/sites\\\/2\\\/2026\\\/03\\\/car_icon_126245-e1774005106332.png\",\"contentUrl\":\"https:\\\/\\\/www.foretadrenaline.com\\\/carnac\\\/wp-content\\\/uploads\\\/sites\\\/2\\\/2026\\\/03\\\/car_icon_126245-e1774005106332.png\"},{\"@type\":\"BreadcrumbList\",\"@id\":\"https:\\\/\\\/www.foretadrenaline.com\\\/vannes\\\/trampoforestpark-vannes-preparer-sa-visite\\\/#breadcrumb\",\"itemListElement\":[{\"@type\":\"ListItem\",\"position\":1,\"name\":\"Accueil\",\"item\":\"https:\\\/\\\/www.foretadrenaline.com\\\/vannes\\\/\"},{\"@type\":\"ListItem\",\"position\":2,\"name\":\"Pr\u00e9parer sa visite\"}]},{\"@type\":\"WebSite\",\"@id\":\"https:\\\/\\\/www.foretadrenaline.com\\\/vannes\\\/#website\",\"url\":\"https:\\\/\\\/www.foretadrenaline.com\\\/vannes\\\/\",\"name\":\"For\u00eat Adr\u00e9naline - Vannes\",\"description\":\"\",\"potentialAction\":[{\"@type\":\"SearchAction\",\"target\":{\"@type\":\"EntryPoint\",\"urlTemplate\":\"https:\\\/\\\/www.foretadrenaline.com\\\/vannes\\\/?s={search_term_string}\"},\"query-input\":{\"@type\":\"PropertyValueSpecification\",\"valueRequired\":true,\"valueName\":\"search_term_string\"}}],\"inLanguage\":\"fr-FR\"}]}<\/script>\n<!-- \/ Yoast SEO plugin. -->","yoast_head_json":{"title":"Tramp\u00d4forestpark Vannes pr\u00e9parer sa visite","description":"Tramp\u00d4forestpark Vannes pr\u00e9parer sa visite : toutes les informations \u00e0 connaitre pour passer une journ\u00e9e inoubliable!","robots":{"index":"index","follow":"follow","max-snippet":"max-snippet:-1","max-image-preview":"max-image-preview:large","max-video-preview":"max-video-preview:-1"},"canonical":"https:\/\/www.foretadrenaline.com\/vannes\/trampoforestpark-vannes-preparer-sa-visite\/","og_locale":"fr_FR","og_type":"article","og_title":"Tramp\u00d4forestpark Vannes pr\u00e9parer sa visite","og_description":"Tramp\u00d4forestpark Vannes pr\u00e9parer sa visite : toutes les informations \u00e0 connaitre pour passer une journ\u00e9e inoubliable!","og_url":"https:\/\/www.foretadrenaline.com\/vannes\/trampoforestpark-vannes-preparer-sa-visite\/","og_site_name":"For\u00eat Adr\u00e9naline - Vannes","article_modified_time":"2026-04-30T12:56:55+00:00","twitter_card":"summary_large_image","twitter_misc":{"Dur\u00e9e de lecture estim\u00e9e":"3 minutes"},"schema":{"@context":"https:\/\/schema.org","@graph":[{"@type":"WebPage","@id":"https:\/\/www.foretadrenaline.com\/vannes\/trampoforestpark-vannes-preparer-sa-visite\/","url":"https:\/\/www.foretadrenaline.com\/vannes\/trampoforestpark-vannes-preparer-sa-visite\/","name":"Tramp\u00d4forestpark Vannes pr\u00e9parer sa visite","isPartOf":{"@id":"https:\/\/www.foretadrenaline.com\/vannes\/#website"},"primaryImageOfPage":{"@id":"https:\/\/www.foretadrenaline.com\/vannes\/trampoforestpark-vannes-preparer-sa-visite\/#primaryimage"},"image":{"@id":"https:\/\/www.foretadrenaline.com\/vannes\/trampoforestpark-vannes-preparer-sa-visite\/#primaryimage"},"thumbnailUrl":"https:\/\/www.foretadrenaline.com\/carnac\/wp-content\/uploads\/sites\/2\/2026\/03\/car_icon_126245-e1774005106332.png","datePublished":"2026-04-10T14:46:42+00:00","dateModified":"2026-04-30T12:56:55+00:00","description":"Tramp\u00d4forestpark Vannes pr\u00e9parer sa visite : toutes les informations \u00e0 connaitre pour passer une journ\u00e9e inoubliable!","breadcrumb":{"@id":"https:\/\/www.foretadrenaline.com\/vannes\/trampoforestpark-vannes-preparer-sa-visite\/#breadcrumb"},"inLanguage":"fr-FR","potentialAction":[{"@type":"ReadAction","target":["https:\/\/www.foretadrenaline.com\/vannes\/trampoforestpark-vannes-preparer-sa-visite\/"]}]},{"@type":"ImageObject","inLanguage":"fr-FR","@id":"https:\/\/www.foretadrenaline.com\/vannes\/trampoforestpark-vannes-preparer-sa-visite\/#primaryimage","url":"https:\/\/www.foretadrenaline.com\/carnac\/wp-content\/uploads\/sites\/2\/2026\/03\/car_icon_126245-e1774005106332.png","contentUrl":"https:\/\/www.foretadrenaline.com\/carnac\/wp-content\/uploads\/sites\/2\/2026\/03\/car_icon_126245-e1774005106332.png"},{"@type":"BreadcrumbList","@id":"https:\/\/www.foretadrenaline.com\/vannes\/trampoforestpark-vannes-preparer-sa-visite\/#breadcrumb","itemListElement":[{"@type":"ListItem","position":1,"name":"Accueil","item":"https:\/\/www.foretadrenaline.com\/vannes\/"},{"@type":"ListItem","position":2,"name":"Pr\u00e9parer sa visite"}]},{"@type":"WebSite","@id":"https:\/\/www.foretadrenaline.com\/vannes\/#website","url":"https:\/\/www.foretadrenaline.com\/vannes\/","name":"For\u00eat Adr\u00e9naline - Vannes","description":"","potentialAction":[{"@type":"SearchAction","target":{"@type":"EntryPoint","urlTemplate":"https:\/\/www.foretadrenaline.com\/vannes\/?s={search_term_string}"},"query-input":{"@type":"PropertyValueSpecification","valueRequired":true,"valueName":"search_term_string"}}],"inLanguage":"fr-FR"}]}},"_links":{"self":[{"href":"https:\/\/www.foretadrenaline.com\/vannes\/wp-json\/wp\/v2\/pages\/202","targetHints":{"allow":["GET"]}}],"collection":[{"href":"https:\/\/www.foretadrenaline.com\/vannes\/wp-json\/wp\/v2\/pages"}],"about":[{"href":"https:\/\/www.foretadrenaline.com\/vannes\/wp-json\/wp\/v2\/types\/page"}],"author":[{"embeddable":true,"href":"https:\/\/www.foretadrenaline.com\/vannes\/wp-json\/wp\/v2\/users\/2"}],"replies":[{"embeddable":true,"href":"https:\/\/www.foretadrenaline.com\/vannes\/wp-json\/wp\/v2\/comments?post=202"}],"version-history":[{"count":3,"href":"https:\/\/www.foretadrenaline.com\/vannes\/wp-json\/wp\/v2\/pages\/202\/revisions"}],"predecessor-version":[{"id":563,"href":"https:\/\/www.foretadrenaline.com\/vannes\/wp-json\/wp\/v2\/pages\/202\/revisions\/563"}],"wp:attachment":[{"href":"https:\/\/www.foretadrenaline.com\/vannes\/wp-json\/wp\/v2\/media?parent=202"}],"curies":[{"name":"wp","href":"https:\/\/api.w.org\/{rel}","templated":true}]}}